CRAN Package Check Results for Package yakmoR

Last updated on 2018-11-24 00:51:31 CET.

Flavor Version Tinstall Tcheck Ttotal Status Flags
r-devel-linux-x86_64-debian-clang 0.1.1 16.58 25.35 41.93 OK
r-devel-linux-x86_64-debian-gcc 0.1.1 17.12 20.78 37.90 OK
r-devel-linux-x86_64-fedora-clang 0.1.1 57.69 NOTE
r-devel-linux-x86_64-fedora-gcc 0.1.1 54.42 NOTE
r-devel-windows-ix86+x86_64 0.1.1 44.00 75.00 119.00 OK
r-patched-linux-x86_64 0.1.1 20.08 23.95 44.03 OK
r-patched-solaris-x86 0.1.1 72.80 OK
r-release-linux-x86_64 0.1.1 19.87 23.81 43.68 OK
r-release-windows-ix86+x86_64 0.1.1 47.00 85.00 132.00 OK
r-release-osx-x86_64 0.1.1 OK
r-oldrel-windows-ix86+x86_64 0.1.1 47.00 81.00 128.00 OK
r-oldrel-osx-x86_64 0.1.1 OK

Check Details

Version: 0.1.1
Check: compiled code
Result: NOTE
    File ‘yakmoR/libs/yakmoR.so’:
     Found no calls to: ‘R_registerRoutines’, ‘R_useDynamicSymbols’
    
    It is good practice to register native routines and to disable symbol
    search.
    
    See ‘Writing portable packages’ in the ‘Writing R Extensions’ manual.
Flavors: r-devel-linux-x86_64-fedora-clang, r-devel-linux-x86_64-fedora-gcc