Last updated on 2019-01-15 00:46:17 CET.
Flavor | Version | Tinstall | Tcheck | Ttotal | Status | Flags |
---|---|---|---|---|---|---|
r-devel-linux-x86_64-debian-clang | 0.3.1 | 127.41 | 57.34 | 184.75 | OK | |
r-devel-linux-x86_64-debian-gcc | 0.3.1 | 120.06 | 46.04 | 166.10 | OK | |
r-devel-linux-x86_64-fedora-clang | 0.3.1 | 280.87 | NOTE | |||
r-devel-linux-x86_64-fedora-gcc | 0.3.1 | 291.94 | OK | |||
r-devel-windows-ix86+x86_64 | 0.3.1 | 257.00 | 101.00 | 358.00 | OK | |
r-patched-linux-x86_64 | 0.3.1 | 137.99 | 53.12 | 191.11 | OK | |
r-patched-solaris-x86 | 0.3.1 | 253.20 | OK | |||
r-release-linux-x86_64 | 0.3.1 | 151.93 | 52.85 | 204.78 | OK | |
r-release-windows-ix86+x86_64 | 0.3.1 | 347.00 | 94.00 | 441.00 | OK | |
r-release-osx-x86_64 | 0.3.1 | NOTE | ||||
r-oldrel-windows-ix86+x86_64 | 0.3.1 | 283.00 | 98.00 | 381.00 | OK | |
r-oldrel-osx-x86_64 | 0.3.1 | NOTE |
Version: 0.3.1
Check: installed package size
Result: NOTE
installed size is 7.9Mb
sub-directories of 1Mb or more:
libs 7.7Mb
Flavors: r-devel-linux-x86_64-fedora-clang, r-release-osx-x86_64, r-oldrel-osx-x86_64