Last updated on 2019-01-15 00:46:17 CET.
Flavor | Version | Tinstall | Tcheck | Ttotal | Status | Flags |
---|---|---|---|---|---|---|
r-devel-linux-x86_64-debian-clang | 0.1.4 | 6.25 | 78.42 | 84.67 | OK | |
r-devel-linux-x86_64-debian-gcc | 0.1.4 | 5.12 | 89.82 | 94.94 | OK | |
r-devel-linux-x86_64-fedora-clang | 0.1.4 | 97.04 | OK | |||
r-devel-linux-x86_64-fedora-gcc | 0.1.4 | 93.34 | OK | |||
r-devel-windows-ix86+x86_64 | 0.1.4 | 10.00 | 78.00 | 88.00 | OK | |
r-patched-linux-x86_64 | 0.1.4 | 5.21 | 82.42 | 87.63 | NOTE | |
r-patched-solaris-x86 | 0.1.4 | 136.20 | OK | |||
r-release-linux-x86_64 | 0.1.4 | 5.32 | 69.53 | 74.85 | NOTE | |
r-release-windows-ix86+x86_64 | 0.1.4 | 13.00 | 74.00 | 87.00 | OK | |
r-release-osx-x86_64 | 0.1.4 | OK | ||||
r-oldrel-windows-ix86+x86_64 | 0.1.4 | 9.00 | 89.00 | 98.00 | OK | |
r-oldrel-osx-x86_64 | 0.1.4 | OK |
Version: 0.1.4
Check: DESCRIPTION meta-information
Result: NOTE
Dependence on R version ‘3.3.1’ not with patchlevel 0
Flavors: r-patched-linux-x86_64, r-release-linux-x86_64