Last updated on 2019-01-15 00:46:17 CET.
Flavor | Version | Tinstall | Tcheck | Ttotal | Status | Flags |
---|---|---|---|---|---|---|
r-devel-linux-x86_64-debian-clang | 0.2-2 | 3.28 | 48.77 | 52.05 | NOTE | |
r-devel-linux-x86_64-debian-gcc | 0.2-2 | 2.13 | 38.42 | 40.55 | NOTE | |
r-devel-linux-x86_64-fedora-clang | 0.2-2 | 61.35 | NOTE | |||
r-devel-linux-x86_64-fedora-gcc | 0.2-2 | 66.10 | NOTE | |||
r-devel-windows-ix86+x86_64 | 0.2-2 | 4.00 | 58.00 | 62.00 | NOTE | |
r-patched-linux-x86_64 | 0.2-2 | 2.79 | 46.50 | 49.29 | NOTE | |
r-patched-solaris-x86 | 0.2-2 | 86.00 | NOTE | |||
r-release-linux-x86_64 | 0.2-2 | 2.78 | 46.86 | 49.64 | NOTE | |
r-release-windows-ix86+x86_64 | 0.2-2 | 7.00 | 59.00 | 66.00 | NOTE | |
r-release-osx-x86_64 | 0.2-2 | NOTE | ||||
r-oldrel-windows-ix86+x86_64 | 0.2-2 | 4.00 | 63.00 | 67.00 | NOTE | |
r-oldrel-osx-x86_64 | 0.2-2 | NOTE |
Version: 0.2-2
Check: dependencies in R code
Result: NOTE
'library' or 'require' calls to packages already attached by Depends:
‘MASS’ ‘SemiPar’ ‘nlme’
Please remove these calls from your code.
Flavors: r-devel-linux-x86_64-debian-clang, r-devel-linux-x86_64-debian-gcc, r-devel-linux-x86_64-fedora-clang, r-devel-linux-x86_64-fedora-gcc, r-devel-windows-ix86+x86_64, r-patched-linux-x86_64, r-patched-solaris-x86, r-release-linux-x86_64, r-release-windows-ix86+x86_64, r-release-osx-x86_64, r-oldrel-windows-ix86+x86_64, r-oldrel-osx-x86_64
Version: 0.2-2
Check: R code for possible problems
Result: NOTE
asp: no visible global function definition for ‘as.formula’
asp: no visible global function definition for ‘var’
aspm: no visible binding for global variable ‘X.Declan’
aspm: no visible binding for global variable ‘Z.Jaida’
aspm: no visible binding for global variable ‘group.vec.Handan’
aspm: no visible global function definition for ‘as.formula’
aspm: no visible global function definition for ‘glm’
aspm: no visible global function definition for ‘binomial’
aspm: no visible global function definition for ‘poisson’
Undefined global functions or variables:
X.Declan Z.Jaida as.formula binomial glm group.vec.Handan poisson var
Consider adding
importFrom("stats", "as.formula", "binomial", "glm", "poisson", "var")
to your NAMESPACE file.
Found the following assignments to the global environment:
File ‘AdaptFit/R/aspm.R’:
assign("group.vec.Handan", group.vec, pos = 1)
assign("X.Declan", X, pos = 1)
assign("Z.Jaida", Z, pos = 1)
Found the following calls to attach():
File ‘AdaptFit/R/asp.R’:
attach(theta.frame)
attach(theta.frame)
See section ‘Good practice’ in ‘?attach’.
Flavors: r-devel-linux-x86_64-debian-clang, r-devel-linux-x86_64-debian-gcc, r-patched-linux-x86_64, r-release-linux-x86_64
Version: 0.2-2
Check: Rd line widths
Result: NOTE
Rd file 'asp.Rd':
\usage lines wider than 90 characters:
spar.method="REML",omit.missing=NULL,niter=20,niter.var=50,tol=1e-06,returnFit=FALSE,weights=NULL,correlation=NULL,cont ... [TRUNCATED]
These lines will be truncated in the PDF manual.
Flavors: r-devel-linux-x86_64-debian-clang, r-devel-linux-x86_64-debian-gcc, r-devel-linux-x86_64-fedora-clang, r-devel-linux-x86_64-fedora-gcc, r-patched-linux-x86_64, r-release-linux-x86_64
Version: 0.2-2
Check: R code for possible problems
Result: NOTE
asp: no visible global function definition for ‘as.formula’
asp: no visible global function definition for ‘var’
aspm: no visible binding for global variable ‘X.Declan’
aspm: no visible binding for global variable ‘Z.Jaida’
aspm: no visible binding for global variable ‘group.vec.Handan’
aspm: no visible global function definition for ‘as.formula’
aspm: no visible global function definition for ‘glm’
aspm: no visible global function definition for ‘binomial’
aspm: no visible global function definition for ‘poisson’
Undefined global functions or variables:
X.Declan Z.Jaida as.formula binomial glm group.vec.Handan poisson var
Consider adding
importFrom("stats", "as.formula", "binomial", "glm", "poisson", "var")
to your NAMESPACE file.
Found the following assignments to the global environment:
File ‘AdaptFit/R/aspm.R’:
assign("group.vec.Handan", group.vec, pos = 1)
assign("X.Declan", X, pos = 1)
assign("Z.Jaida", Z, pos = 1)
Flavor: r-devel-linux-x86_64-fedora-clang
Version: 0.2-2
Check: R code for possible problems
Result: NOTE
asp: no visible global function definition for ‘as.formula’
asp: no visible global function definition for ‘var’
aspm: no visible binding for global variable ‘X.Declan’
aspm: no visible binding for global variable ‘Z.Jaida’
aspm: no visible binding for global variable ‘group.vec.Handan’
aspm: no visible global function definition for ‘as.formula’
aspm: no visible global function definition for ‘glm’
aspm: no visible global function definition for ‘binomial’
aspm: no visible global function definition for ‘poisson’
Undefined global functions or variables:
X.Declan Z.Jaida as.formula binomial glm group.vec.Handan poisson var
Consider adding
importFrom("stats", "as.formula", "binomial", "glm", "poisson", "var")
to your NAMESPACE file.
Flavors: r-devel-linux-x86_64-fedora-gcc, r-devel-windows-ix86+x86_64, r-patched-solaris-x86, r-release-windows-ix86+x86_64, r-release-osx-x86_64, r-oldrel-windows-ix86+x86_64, r-oldrel-osx-x86_64