CRAN Package Check Results for Package BIGL

Last updated on 2019-01-15 00:46:19 CET.

Flavor Version Tinstall Tcheck Ttotal Status Flags
r-devel-linux-x86_64-debian-clang 1.2.3 5.18 295.25 300.43 OK
r-devel-linux-x86_64-debian-gcc 1.2.3 4.26 200.94 205.20 OK
r-devel-linux-x86_64-fedora-clang 1.2.3 345.48 OK
r-devel-linux-x86_64-fedora-gcc 1.2.3 325.40 OK
r-devel-windows-ix86+x86_64 1.2.3 10.00 278.00 288.00 ERROR
r-patched-linux-x86_64 1.2.3 4.62 283.16 287.78 OK
r-patched-solaris-x86 1.2.3 281.20 WARN
r-release-linux-x86_64 1.2.3 4.33 282.94 287.27 OK
r-release-windows-ix86+x86_64 1.2.3 15.00 267.00 282.00 OK
r-release-osx-x86_64 1.2.3 WARN
r-oldrel-windows-ix86+x86_64 1.2.3 8.00 319.00 327.00 OK
r-oldrel-osx-x86_64 1.2.3 WARN

Check Details

Version: 1.2.3
Check: tests
Result: ERROR
     Running 'testthat.R' [65s]
    Running the tests in 'tests/testthat.R' failed.
    Complete output:
     > library(testthat)
     > library(BIGL)
     >
     > test_check("BIGL")
     -- 1. Failure: statistics (@test_wrapper.R#14) --------------------------------
     rs$maxR not equal to maxR(...).
     Component "Ymean": Component "sign": 1 element mismatch
     Component "Ymean": Component "call": 1 string mismatch
    
     == testthat results ===========================================================
     OK: 156 SKIPPED: 0 FAILED: 1
     1. Failure: statistics (@test_wrapper.R#14)
    
     Error: testthat unit tests failed
     Execution halted
Flavor: r-devel-windows-ix86+x86_64

Version: 1.2.3
Check: re-building of vignette outputs
Result: WARN
    Error in re-building vignettes:
     ...
    Warning in engine$weave(file, quiet = quiet, encoding = enc) :
     Pandoc (>= 1.12.3) and/or pandoc-citeproc not available. Falling back to R Markdown v1.
    Warning: Transformation introduced infinite values in continuous x-axis
    Warning: Transformation introduced infinite values in continuous y-axis
    Warning: Transformation introduced infinite values in continuous x-axis
    Warning: Transformation introduced infinite values in continuous y-axis
    Warning: Removed 199 rows containing non-finite values (stat_contour).
    Warning in normalizePath(f2) :
     path[1]="./webshot4286bbe627e.png": No such file or directory
    Warning in file(con, "rb") :
     cannot open file './webshot4286bbe627e.png': No such file or directory
    Quitting from lines 244-247 (analysis.Rmd)
    Error: processing vignette 'analysis.Rmd' failed with diagnostics:
    cannot open the connection
    Execution halted
Flavor: r-patched-solaris-x86

Version: 1.2.3
Check: re-building of vignette outputs
Result: WARN
    Error in re-building vignettes:
     ...
    Warning in engine$weave(file, quiet = quiet, encoding = enc) :
     Pandoc (>= 1.12.3) and/or pandoc-citeproc not available. Falling back to R Markdown v1.
    Warning: Transformation introduced infinite values in continuous x-axis
    Warning: Transformation introduced infinite values in continuous y-axis
    Warning: Transformation introduced infinite values in continuous x-axis
    Warning: Transformation introduced infinite values in continuous y-axis
    Warning: Removed 199 rows containing non-finite values (stat_contour).
    Warning in normalizePath(f2) :
     path[1]="./webshotecd47264f585.png": No such file or directory
    Warning in file(con, "rb") :
     cannot open file './webshotecd47264f585.png': No such file or directory
    Quitting from lines 244-247 (analysis.Rmd)
    Error: processing vignette 'analysis.Rmd' failed with diagnostics:
    cannot open the connection
    Execution halted
Flavor: r-release-osx-x86_64

Version: 1.2.3
Check: re-building of vignette outputs
Result: WARN
    Error in re-building vignettes:
     ...
    Warning: Transformation introduced infinite values in continuous x-axis
    Warning: Transformation introduced infinite values in continuous y-axis
    Warning: Transformation introduced infinite values in continuous x-axis
    Warning: Transformation introduced infinite values in continuous y-axis
    Warning: Removed 199 rows containing non-finite values (stat_contour).
    Warning in is.na(verts[, 2]) :
     is.na() applied to non-(list or vector) of type 'NULL'
    Warning in is.na(verts[, 3]) :
     is.na() applied to non-(list or vector) of type 'NULL'
    Warning in is.na(verts[, 1]) :
     is.na() applied to non-(list or vector) of type 'NULL'
    Warning in is.na(verts[, 3]) :
     is.na() applied to non-(list or vector) of type 'NULL'
    Warning in is.na(verts[, 1]) :
     is.na() applied to non-(list or vector) of type 'NULL'
    Warning in is.na(verts[, 2]) :
     is.na() applied to non-(list or vector) of type 'NULL'
    Warning in normalizePath(f2) :
     path[1]="./webshote43337a94bb0.png": No such file or directory
    Warning in file(con, "rb") :
     cannot open file './webshote43337a94bb0.png': No such file or directory
    Quitting from lines 244-247 (analysis.Rmd)
    Error: processing vignette 'analysis.Rmd' failed with diagnostics:
    cannot open the connection
    Execution halted
Flavor: r-oldrel-osx-x86_64