Last updated on 2019-01-15 00:46:20 CET.
Flavor | Version | Tinstall | Tcheck | Ttotal | Status | Flags |
---|---|---|---|---|---|---|
r-devel-linux-x86_64-debian-clang | 1.1.5 | 65.26 | 37.04 | 102.30 | OK | |
r-devel-linux-x86_64-debian-gcc | 1.1.5 | 63.50 | 29.61 | 93.11 | OK | |
r-devel-linux-x86_64-fedora-clang | 1.1.5 | 142.46 | NOTE | |||
r-devel-linux-x86_64-fedora-gcc | 1.1.5 | 142.40 | OK | |||
r-devel-windows-ix86+x86_64 | 1.1.5 | 107.00 | 89.00 | 196.00 | OK | |
r-patched-linux-x86_64 | 1.1.5 | 75.18 | 36.44 | 111.62 | OK | |
r-patched-solaris-x86 | 1.1.5 | 151.90 | OK | |||
r-release-linux-x86_64 | 1.1.5 | 73.09 | 36.38 | 109.47 | OK | |
r-release-windows-ix86+x86_64 | 1.1.5 | 151.00 | 89.00 | 240.00 | OK | |
r-release-osx-x86_64 | 1.1.5 | NOTE | ||||
r-oldrel-windows-ix86+x86_64 | 1.1.5 | 104.00 | 90.00 | 194.00 | OK | |
r-oldrel-osx-x86_64 | 1.1.5 | NOTE |
Version: 1.1.5
Check: installed package size
Result: NOTE
installed size is 18.8Mb
sub-directories of 1Mb or more:
libs 18.6Mb
Flavors: r-devel-linux-x86_64-fedora-clang, r-release-osx-x86_64, r-oldrel-osx-x86_64
Version: 1.1.5
Check: package dependencies
Result: NOTE
Package suggested but not available for checking: ‘doMPI’
Flavors: r-release-osx-x86_64, r-oldrel-osx-x86_64