CRAN Package Check Results for Package BaMORC

Last updated on 2019-01-15 00:46:19 CET.

Flavor Version Tinstall Tcheck Ttotal Status Flags
r-devel-linux-x86_64-debian-clang 1.0.1 9.10 125.60 134.70 OK
r-devel-linux-x86_64-debian-gcc 1.0.1 7.23 91.76 98.99 OK
r-devel-linux-x86_64-fedora-clang 1.0.1 158.23 NOTE
r-devel-linux-x86_64-fedora-gcc 1.0.1 145.85 NOTE
r-devel-windows-ix86+x86_64 1.0.1 15.00 128.00 143.00 NOTE
r-patched-linux-x86_64 1.0.1 8.30 116.52 124.82 OK
r-patched-solaris-x86 1.0.1 213.70 NOTE
r-release-linux-x86_64 1.0.1 9.14 116.11 125.25 OK
r-release-windows-ix86+x86_64 1.0.1 18.00 135.00 153.00 NOTE
r-release-osx-x86_64 1.0.1 NOTE
r-oldrel-windows-ix86+x86_64 1.0.1 14.00 146.00 160.00 NOTE
r-oldrel-osx-x86_64 1.0 NOTE

Check Details

Version: 1.0.1
Check: installed package size
Result: NOTE
     installed size is 5.5Mb
     sub-directories of 1Mb or more:
     data 4.6Mb
Flavors: r-devel-linux-x86_64-fedora-clang, r-devel-windows-ix86+x86_64, r-patched-solaris-x86, r-release-windows-ix86+x86_64, r-release-osx-x86_64, r-oldrel-windows-ix86+x86_64

Version: 1.0.1
Check: dependencies in R code
Result: NOTE
    Namespaces in Imports field not imported from:
     ‘devtools’ ‘docopt’
     All declared Imports should be used.
Flavors: r-devel-linux-x86_64-fedora-clang, r-devel-linux-x86_64-fedora-gcc, r-patched-solaris-x86, r-release-osx-x86_64

Version: 1.0
Check: installed package size
Result: NOTE
     installed size is 5.4Mb
     sub-directories of 1Mb or more:
     data 4.6Mb
Flavor: r-oldrel-osx-x86_64

Version: 1.0
Check: dependencies in R code
Result: NOTE
    Namespaces in Imports field not imported from:
     ‘devtools’ ‘docopt’
     All declared Imports should be used.
Flavor: r-oldrel-osx-x86_64