CRAN Package Check Results for Package BeSS

Last updated on 2019-01-15 00:46:19 CET.

Flavor Version Tinstall Tcheck Ttotal Status Flags
r-devel-linux-x86_64-debian-clang 1.0.5 81.00 78.00 159.00 NOTE
r-devel-linux-x86_64-debian-gcc 1.0.5 89.43 65.05 154.48 NOTE
r-devel-linux-x86_64-fedora-clang 1.0.5 221.19 NOTE
r-devel-linux-x86_64-fedora-gcc 1.0.5 224.33 NOTE
r-devel-windows-ix86+x86_64 1.0.5 128.00 119.00 247.00 NOTE
r-patched-linux-x86_64 1.0.5 101.41 77.69 179.10 OK
r-patched-solaris-x86 1.0.5 231.90 OK
r-release-linux-x86_64 1.0.5 111.97 77.56 189.53 OK
r-release-windows-ix86+x86_64 1.0.5 162.00 116.00 278.00 OK
r-release-osx-x86_64 1.0.5 NOTE
r-oldrel-windows-ix86+x86_64 1.0.5 119.00 115.00 234.00 OK
r-oldrel-osx-x86_64 1.0.5 NOTE

Check Details

Version: 1.0.5
Check: line endings in C/C++/Fortran sources/headers
Result: NOTE
    Found the following sources/headers with CR or CRLF line endings:
     inst/include/BeSS.h
     inst/include/BeSS_RcppExports.h
    Some Unix compilers require LF line endings.
Flavors: r-devel-linux-x86_64-debian-clang, r-devel-linux-x86_64-debian-gcc, r-devel-linux-x86_64-fedora-clang, r-devel-linux-x86_64-fedora-gcc, r-devel-windows-ix86+x86_64

Version: 1.0.5
Check: installed package size
Result: NOTE
     installed size is 31.3Mb
     sub-directories of 1Mb or more:
     libs 30.2Mb
Flavors: r-devel-linux-x86_64-fedora-clang, r-release-osx-x86_64, r-oldrel-osx-x86_64