Last updated on 2019-01-15 00:46:20 CET.
Flavor | Version | Tinstall | Tcheck | Ttotal | Status | Flags |
---|---|---|---|---|---|---|
r-devel-linux-x86_64-debian-clang | 2.2 | 9.87 | 183.24 | 193.11 | OK | |
r-devel-linux-x86_64-debian-gcc | 2.2 | 6.57 | 141.38 | 147.95 | OK | |
r-devel-linux-x86_64-fedora-clang | 2.2 | 222.01 | OK | |||
r-devel-linux-x86_64-fedora-gcc | 2.2 | 219.33 | OK | |||
r-devel-windows-ix86+x86_64 | 2.2 | 14.00 | 176.00 | 190.00 | OK | |
r-patched-linux-x86_64 | 2.2 | 6.66 | 172.64 | 179.30 | NOTE | |
r-patched-solaris-x86 | 2.2 | 405.40 | OK | |||
r-release-linux-x86_64 | 2.2 | 6.93 | 172.74 | 179.67 | NOTE | |
r-release-windows-ix86+x86_64 | 2.2 | 20.00 | 178.00 | 198.00 | OK | |
r-release-osx-x86_64 | 2.2 | OK | ||||
r-oldrel-windows-ix86+x86_64 | 2.2 | 15.00 | 180.00 | 195.00 | OK | |
r-oldrel-osx-x86_64 | 2.2 | ERROR |
Version: 2.2
Check: DESCRIPTION meta-information
Result: NOTE
Dependence on R version ‘3.3.1’ not with patchlevel 0
Flavors: r-patched-linux-x86_64, r-release-linux-x86_64
Version: 2.2
Check: package dependencies
Result: NOTE
Packages suggested but not available for checking: ‘GO.db’ ‘org.Hs.eg.db’
Flavor: r-oldrel-osx-x86_64
Version: 2.2
Check: whether package can be installed
Result: ERROR
Installation failed.
Flavor: r-oldrel-osx-x86_64