CRAN Package Check Results for Package BinQuasi

Last updated on 2019-01-15 00:46:19 CET.

Flavor Version Tinstall Tcheck Ttotal Status Flags
r-devel-linux-x86_64-debian-clang 0.1-6 35.64 526.36 562.00 OK
r-devel-linux-x86_64-debian-gcc 0.1-6 25.92 405.47 431.39 OK
r-devel-linux-x86_64-fedora-clang 0.1-6 664.79 OK
r-devel-linux-x86_64-fedora-gcc 0.1-6 625.52 OK
r-devel-windows-ix86+x86_64 0.1-6 19.00 5.00 24.00 ERROR
r-patched-linux-x86_64 0.1-6 24.23 505.97 530.20 OK
r-patched-solaris-x86 0.1-6 4.10 ERROR
r-release-linux-x86_64 0.1-6 26.04 505.57 531.61 OK
r-release-windows-ix86+x86_64 0.1-6 61.00 538.00 599.00 OK
r-release-osx-x86_64 0.1-6 ERROR
r-oldrel-windows-ix86+x86_64 0.1-6 43.00 666.00 709.00 OK
r-oldrel-osx-x86_64 0.1-6 ERROR

Check Details

Version: 0.1-6
Check: whether package can be installed
Result: ERROR
    Installation failed.
Flavor: r-devel-windows-ix86+x86_64

Version: 0.1-6
Check: package dependencies
Result: ERROR
    Package required but not available: ‘csaw’
    
    See section ‘The DESCRIPTION file’ in the ‘Writing R Extensions’
    manual.
Flavors: r-patched-solaris-x86, r-oldrel-osx-x86_64

Version: 0.1-6
Check: package dependencies
Result: ERROR
    Packages required but not available: ‘Rsamtools’ ‘GenomicAlignments’ ‘csaw’
    
    See section ‘The DESCRIPTION file’ in the ‘Writing R Extensions’
    manual.
Flavor: r-release-osx-x86_64