CRAN Package Check Results for Package BioFTF

Last updated on 2019-01-15 00:46:19 CET.

Flavor Version Tinstall Tcheck Ttotal Status Flags
r-devel-linux-x86_64-debian-clang 1.2-0 2.10 23.00 25.10 NOTE
r-devel-linux-x86_64-debian-gcc 1.2-0 2.22 18.27 20.49 NOTE
r-devel-linux-x86_64-fedora-clang 1.2-0 29.70 NOTE
r-devel-linux-x86_64-fedora-gcc 1.2-0 28.47 NOTE
r-devel-windows-ix86+x86_64 1.2-0 4.00 31.00 35.00 NOTE
r-patched-linux-x86_64 1.2-0 1.91 21.13 23.04 NOTE
r-patched-solaris-x86 1.2-0 40.00 NOTE
r-release-linux-x86_64 1.2-0 2.41 21.04 23.45 NOTE
r-release-windows-ix86+x86_64 1.2-0 6.00 33.00 39.00 NOTE
r-release-osx-x86_64 1.2-0 NOTE
r-oldrel-windows-ix86+x86_64 1.2-0 3.00 31.00 34.00 NOTE
r-oldrel-osx-x86_64 1.2-0 NOTE

Check Details

Version: 1.2-0
Check: DESCRIPTION meta-information
Result: NOTE
    BugReports field is not a suitable URL but appears to contain an email address
     not specified by mailto: nor contained in < >
Flavors: r-devel-linux-x86_64-debian-clang, r-devel-linux-x86_64-debian-gcc, r-devel-linux-x86_64-fedora-clang, r-devel-linux-x86_64-fedora-gcc, r-devel-windows-ix86+x86_64, r-patched-linux-x86_64, r-patched-solaris-x86, r-release-linux-x86_64, r-release-windows-ix86+x86_64, r-release-osx-x86_64, r-oldrel-windows-ix86+x86_64, r-oldrel-osx-x86_64