CRAN Package Check Results for Package BivRec

Last updated on 2019-01-15 00:46:20 CET.

Flavor Version Tinstall Tcheck Ttotal Status Flags
r-devel-linux-x86_64-debian-clang 1.0.0 8.10 64.68 72.78 OK
r-devel-linux-x86_64-debian-gcc 1.0.0 4.84 50.69 55.53 OK
r-devel-linux-x86_64-fedora-clang 1.0.0 86.36 NOTE
r-devel-linux-x86_64-fedora-gcc 1.0.0 85.87 NOTE
r-devel-windows-ix86+x86_64 1.0.0 16.00 96.00 112.00 OK
r-patched-linux-x86_64 1.0.0 7.10 61.10 68.20 OK
r-patched-solaris-x86 1.0.0 128.50 NOTE
r-release-linux-x86_64 1.0.0 6.44 60.90 67.34 OK
r-release-windows-ix86+x86_64 1.0.0 21.00 81.00 102.00 OK
r-release-osx-x86_64 1.0.0 NOTE
r-oldrel-windows-ix86+x86_64 1.0.0 14.00 100.00 114.00 OK
r-oldrel-osx-x86_64 1.0.0 NOTE

Check Details

Version: 1.0.0
Check: dependencies in R code
Result: NOTE
    Namespaces in Imports field not imported from:
     ‘Rcpp’ ‘knitr’ ‘rmarkdown’
     All declared Imports should be used.
Flavors: r-devel-linux-x86_64-fedora-clang, r-devel-linux-x86_64-fedora-gcc, r-patched-solaris-x86, r-release-osx-x86_64, r-oldrel-osx-x86_64