Last updated on 2019-01-15 00:46:20 CET.
Flavor | Version | Tinstall | Tcheck | Ttotal | Status | Flags |
---|---|---|---|---|---|---|
r-devel-linux-x86_64-debian-clang | 0.1.0 | 75.15 | 45.95 | 121.10 | OK | |
r-devel-linux-x86_64-debian-gcc | 0.1.0 | 63.94 | 36.03 | 99.97 | OK | |
r-devel-linux-x86_64-fedora-clang | 0.1.0 | 174.86 | NOTE | |||
r-devel-linux-x86_64-fedora-gcc | 0.1.0 | 156.47 | OK | |||
r-devel-windows-ix86+x86_64 | 0.1.0 | 115.00 | 87.00 | 202.00 | OK | |
r-patched-linux-x86_64 | 0.1.0 | 76.91 | 42.42 | 119.33 | OK | |
r-patched-solaris-x86 | 0.1.0 | 152.90 | OK | |||
r-release-linux-x86_64 | 0.1.0 | 77.21 | 42.26 | 119.47 | OK | |
r-release-windows-ix86+x86_64 | 0.1.0 | 160.00 | 78.00 | 238.00 | OK | |
r-release-osx-x86_64 | 0.1.0 | OK | ||||
r-oldrel-windows-ix86+x86_64 | 0.1.0 | 115.00 | 102.00 | 217.00 | OK | |
r-oldrel-osx-x86_64 | 0.1.0 | OK |
Version: 0.1.0
Check: installed package size
Result: NOTE
installed size is 6.5Mb
sub-directories of 1Mb or more:
libs 6.0Mb
Flavor: r-devel-linux-x86_64-fedora-clang