CRAN Package Check Results for Package CryptRndTest

Last updated on 2019-01-15 00:46:22 CET.

Flavor Version Tinstall Tcheck Ttotal Status Flags
r-devel-linux-x86_64-debian-clang 1.2.2 5.36 77.99 83.35 OK
r-devel-linux-x86_64-debian-gcc 1.2.2 4.96 59.45 64.41 OK
r-devel-linux-x86_64-fedora-clang 1.2.2 100.36 OK
r-devel-linux-x86_64-fedora-gcc 1.2.2 93.06 OK
r-devel-windows-ix86+x86_64 1.2.2 12.00 103.00 115.00 OK
r-patched-linux-x86_64 1.2.2 6.26 72.06 78.32 OK
r-patched-solaris-x86 1.2.2 143.60 OK
r-release-linux-x86_64 1.2.2 5.32 70.94 76.26 OK
r-release-windows-ix86+x86_64 1.2.2 22.00 102.00 124.00 OK
r-release-osx-x86_64 1.2.2 OK
r-oldrel-windows-ix86+x86_64 1.2.2 11.00 110.00 121.00 OK
r-oldrel-osx-x86_64 1.2.2 WARN

Check Details

Version: 1.2.2
Check: re-building of vignette outputs
Result: WARN
    Error in re-building vignettes:
     ...
    Error: processing vignette 'CryptRndTest.ltx' failed with diagnostics:
    Running 'texi2dvi' on 'CryptRndTest.ltx' failed.
    LaTeX errors:
    ! LaTeX Error: File `titlesec.sty' not found.
    
    Type X to quit or <RETURN> to proceed,
    or enter new name. (Default extension: sty)
    
    ! Emergency stop.
    <read *>
    
    l.99 \usepackage
     {titletoc}^^M
    ! ==> Fatal error occurred, no output PDF file produced!
    Execution halted
Flavor: r-oldrel-osx-x86_64