CRAN Package Check Results for Package DAC

Last updated on 2019-01-15 00:46:23 CET.

Flavor Version Tinstall Tcheck Ttotal Status Flags
r-devel-linux-x86_64-debian-clang 0.1.1 5.81 74.96 80.77 OK
r-devel-linux-x86_64-debian-gcc 0.1.1 5.84 59.91 65.75 OK
r-devel-linux-x86_64-fedora-clang 0.1.1 95.95 OK
r-devel-linux-x86_64-fedora-gcc 0.1.1 91.64 OK
r-devel-windows-ix86+x86_64 0.1.1 12.00 112.00 124.00 OK
r-patched-linux-x86_64 0.1.1 7.03 70.84 77.87 OK
r-patched-solaris-x86 0.1.1 132.50 OK
r-release-linux-x86_64 0.1.1 6.32 71.21 77.53 OK
r-release-windows-ix86+x86_64 0.1.1 3.00 5.00 8.00 ERROR
r-release-osx-x86_64 0.1.1 OK
r-oldrel-windows-ix86+x86_64 0.1.0 8.00 94.00 102.00 OK
r-oldrel-osx-x86_64 0.1.1 ERROR

Check Details

Version: 0.1.1
Check: whether package can be installed
Result: ERROR
    Installation failed.
Flavors: r-release-windows-ix86+x86_64, r-oldrel-osx-x86_64