Last updated on 2019-01-15 00:46:24 CET.
Flavor | Version | Tinstall | Tcheck | Ttotal | Status | Flags |
---|---|---|---|---|---|---|
r-devel-linux-x86_64-debian-clang | 0.1.2 | 45.39 | 48.07 | 93.46 | OK | |
r-devel-linux-x86_64-debian-gcc | 0.1.2 | 39.08 | 38.05 | 77.13 | OK | |
r-devel-linux-x86_64-fedora-clang | 0.1.2 | 127.47 | NOTE | |||
r-devel-linux-x86_64-fedora-gcc | 0.1.2 | 119.69 | OK | |||
r-devel-windows-ix86+x86_64 | 0.1.2 | 87.00 | 79.00 | 166.00 | OK | |
r-patched-linux-x86_64 | 0.1.2 | 46.82 | 43.96 | 90.78 | OK | |
r-patched-solaris-x86 | 0.1.2 | 125.60 | OK | |||
r-release-linux-x86_64 | 0.1.2 | 49.96 | 44.17 | 94.13 | OK | |
r-release-windows-ix86+x86_64 | 0.1.2 | 112.00 | 72.00 | 184.00 | OK | |
r-release-osx-x86_64 | 0.1.2 | NOTE | ||||
r-oldrel-windows-ix86+x86_64 | 0.1.2 | 86.00 | 89.00 | 175.00 | OK | |
r-oldrel-osx-x86_64 | 0.1.2 | NOTE |
Version: 0.1.2
Check: installed package size
Result: NOTE
installed size is 6.1Mb
sub-directories of 1Mb or more:
libs 5.6Mb
Flavors: r-devel-linux-x86_64-fedora-clang, r-release-osx-x86_64, r-oldrel-osx-x86_64