Last updated on 2019-01-15 00:46:23 CET.
Flavor | Version | Tinstall | Tcheck | Ttotal | Status | Flags |
---|---|---|---|---|---|---|
r-devel-linux-x86_64-debian-clang | 0.15.4 | 4.56 | 147.16 | 151.72 | OK | |
r-devel-linux-x86_64-debian-gcc | 0.15.4 | 4.57 | 117.72 | 122.29 | OK | |
r-devel-linux-x86_64-fedora-clang | 0.15.4 | 136.69 | OK | |||
r-devel-linux-x86_64-fedora-gcc | 0.15.4 | 179.09 | OK | |||
r-devel-windows-ix86+x86_64 | 0.15.4 | 10.00 | 211.00 | 221.00 | OK | |
r-patched-linux-x86_64 | 0.15.4 | 6.34 | 138.71 | 145.05 | OK | |
r-patched-solaris-x86 | 0.15.4 | 111.30 | OK | |||
r-release-linux-x86_64 | 0.15.4 | 6.28 | 138.55 | 144.83 | OK | |
r-release-windows-ix86+x86_64 | 0.15.4 | 15.00 | 184.00 | 199.00 | OK | |
r-release-osx-x86_64 | 0.15.4 | OK | ||||
r-oldrel-osx-x86_64 | 0.15.4 | ERROR |
Version: 0.15.4
Check: whether package can be installed
Result: ERROR
Installation failed.
Flavor: r-oldrel-osx-x86_64