CRAN Package Check Results for Package Deducer

Last updated on 2019-01-15 00:46:23 CET.

Flavor Version Tinstall Tcheck Ttotal Status Flags
r-devel-linux-x86_64-debian-clang 0.7-9 12.86 151.13 163.99 OK
r-devel-linux-x86_64-debian-gcc 0.7-9 10.47 114.63 125.10 OK
r-devel-linux-x86_64-fedora-clang 0.7-9 162.02 OK
r-devel-linux-x86_64-fedora-gcc 0.7-9 155.96 OK
r-devel-windows-ix86+x86_64 0.7-9 18.00 143.00 161.00 WARN
r-patched-linux-x86_64 0.7-9 10.29 141.38 151.67 OK
r-patched-solaris-x86 0.7-9 243.80 OK
r-release-linux-x86_64 0.7-9 13.02 141.23 154.25 OK
r-release-windows-ix86+x86_64 0.7-9 31.00 130.00 161.00 OK
r-release-osx-x86_64 0.7-9 OK
r-oldrel-windows-ix86+x86_64 0.7-9 19.00 146.00 165.00 WARN
r-oldrel-osx-x86_64 0.7-9 OK

Check Details

Version: 0.7-9
Check: whether package can be installed
Result: WARN
    Found the following significant warnings:
     Warning: S3 methods '[.fun_list', '[.grouped_df', 'all.equal.tbl_df', 'anti_join.data.frame', 'anti_join.tbl_df', 'arrange.data.frame', 'arrange.default', 'arrange.grouped_df', 'arrange.tbl_df', 'arrange_.data.frame', 'arrange_.tbl_df', 'as.data.frame.grouped_df', 'as.data.frame.rowwise_df', 'as.data.frame.tbl_cube', 'as.table.tbl_cube', 'as.tbl.data.frame', 'as.tbl.tbl', 'as.tbl_cube.array', 'as.tbl_cube.data.frame', 'as.tbl_cube.matrix', 'as.tbl_cube.table', 'as_tibble.grouped_df', 'as_tibble.tbl_cube', 'auto_copy.tbl_cube', 'auto_copy.tbl_df', 'cbind.grouped_df', 'collapse.data.frame', 'collect.data.frame', 'common_by.NULL', 'common_by.character', 'common_by.default', 'common_by.list', 'compute.data.frame', 'copy_to.DBIConnection', 'copy_to.src_local', 'default_missing.data.frame', 'default_missing.default', 'dim.tbl_cube', 'distinct.data.frame', 'distinct.default', 'distinct.grouped_df', 'distinct.tbl_df', 'distinct_.data.frame', 'distinct_.grouped_df', 'distinct_.tbl_df', 'do.NULL', 'do.da [... truncated]
Flavors: r-devel-windows-ix86+x86_64, r-oldrel-windows-ix86+x86_64