CRAN Package Check Results for Package DiffusionRimp

Last updated on 2019-01-15 00:46:24 CET.

Flavor Version Tinstall Tcheck Ttotal Status Flags
r-devel-linux-x86_64-debian-clang 0.1.2 25.85 48.88 74.73 OK
r-devel-linux-x86_64-debian-gcc 0.1.2 23.15 39.03 62.18 OK
r-devel-linux-x86_64-fedora-clang 0.1.2 103.91 NOTE
r-devel-linux-x86_64-fedora-gcc 0.1.2 90.88 NOTE
r-devel-windows-ix86+x86_64 0.1.2 44.00 78.00 122.00 OK
r-patched-linux-x86_64 0.1.2 29.18 44.57 73.75 OK
r-patched-solaris-x86 0.1.2 104.50 OK
r-release-linux-x86_64 0.1.2 27.76 44.35 72.11 OK
r-release-windows-ix86+x86_64 0.1.2 57.00 76.00 133.00 OK
r-release-osx-x86_64 0.1.2 OK
r-oldrel-windows-ix86+x86_64 0.1.2 37.00 79.00 116.00 OK
r-oldrel-osx-x86_64 0.1.2 OK

Check Details

Version: 0.1.2
Check: compiled code
Result: NOTE
    File ‘DiffusionRimp/libs/DiffusionRimp.so’:
     Found no calls to: ‘R_registerRoutines’, ‘R_useDynamicSymbols’
    
    It is good practice to register native routines and to disable symbol
    search.
    
    See ‘Writing portable packages’ in the ‘Writing R Extensions’ manual.
Flavors: r-devel-linux-x86_64-fedora-clang, r-devel-linux-x86_64-fedora-gcc