CRAN Package Check Results for Package DirectEffects

Last updated on 2019-01-15 00:46:24 CET.

Flavor Version Tinstall Tcheck Ttotal Status Flags
r-devel-linux-x86_64-debian-clang 0.2 2.02 44.65 46.67 OK
r-devel-linux-x86_64-debian-gcc 0.2 1.38 34.24 35.62 OK
r-devel-linux-x86_64-fedora-clang 0.2 54.18 NOTE
r-devel-linux-x86_64-fedora-gcc 0.2 51.45 NOTE
r-devel-windows-ix86+x86_64 0.2 3.00 54.00 57.00 OK
r-patched-linux-x86_64 0.2 1.64 42.40 44.04 OK
r-patched-solaris-x86 0.2 74.40 NOTE
r-release-linux-x86_64 0.2 1.76 42.37 44.13 OK
r-release-windows-ix86+x86_64 0.2 6.00 50.00 56.00 OK
r-release-osx-x86_64 0.2 NOTE
r-oldrel-windows-ix86+x86_64 0.2 4.00 54.00 58.00 OK
r-oldrel-osx-x86_64 0.1 OK

Check Details

Version: 0.2
Check: dependencies in R code
Result: NOTE
    Namespace in Imports field not imported from: ‘sandwich’
     All declared Imports should be used.
Flavors: r-devel-linux-x86_64-fedora-clang, r-devel-linux-x86_64-fedora-gcc, r-patched-solaris-x86, r-release-osx-x86_64