CRAN Package Check Results for Package EBMAforecast

Last updated on 2019-01-15 00:46:25 CET.

Flavor Version Tinstall Tcheck Ttotal Status Flags
r-devel-linux-x86_64-debian-clang 0.52 29.33 87.16 116.49 OK
r-devel-linux-x86_64-debian-gcc 0.52 25.16 67.28 92.44 OK
r-devel-linux-x86_64-fedora-clang 0.52 146.04 NOTE
r-devel-linux-x86_64-fedora-gcc 0.52 137.83 NOTE
r-devel-windows-ix86+x86_64 0.52 49.00 128.00 177.00 OK
r-patched-linux-x86_64 0.52 31.38 80.17 111.55 OK
r-patched-solaris-x86 0.52 198.10 OK
r-release-linux-x86_64 0.52 27.95 80.07 108.02 OK
r-release-windows-ix86+x86_64 0.52 74.00 128.00 202.00 OK
r-release-osx-x86_64 0.52 OK
r-oldrel-windows-ix86+x86_64 0.52 55.00 133.00 188.00 WARN
r-oldrel-osx-x86_64 0.52 OK

Check Details

Version: 0.52
Check: compiled code
Result: NOTE
    File ‘EBMAforecast/libs/EBMAforecast.so’:
     Found no calls to: ‘R_registerRoutines’, ‘R_useDynamicSymbols’
    
    It is good practice to register native routines and to disable symbol
    search.
    
    See ‘Writing portable packages’ in the ‘Writing R Extensions’ manual.
Flavors: r-devel-linux-x86_64-fedora-clang, r-devel-linux-x86_64-fedora-gcc

Version: 0.52
Check: whether package can be installed
Result: WARN
    Found the following significant warnings:
     Warning: S3 methods '[.fun_list', '[.grouped_df', 'all.equal.tbl_df', 'anti_join.data.frame', 'anti_join.tbl_df', 'arrange.data.frame', 'arrange.default', 'arrange.grouped_df', 'arrange.tbl_df', 'arrange_.data.frame', 'arrange_.tbl_df', 'as.data.frame.grouped_df', 'as.data.frame.rowwise_df', 'as.data.frame.tbl_cube', 'as.table.tbl_cube', 'as.tbl.data.frame', 'as.tbl.tbl', 'as.tbl_cube.array', 'as.tbl_cube.data.frame', 'as.tbl_cube.matrix', 'as.tbl_cube.table', 'as_tibble.grouped_df', 'as_tibble.tbl_cube', 'auto_copy.tbl_cube', 'auto_copy.tbl_df', 'cbind.grouped_df', 'collapse.data.frame', 'collect.data.frame', 'common_by.NULL', 'common_by.character', 'common_by.default', 'common_by.list', 'compute.data.frame', 'copy_to.DBIConnection', 'copy_to.src_local', 'default_missing.data.frame', 'default_missing.default', 'dim.tbl_cube', 'distinct.data.frame', 'distinct.default', 'distinct.grouped_df', 'distinct.tbl_df', 'distinct_.data.frame', 'distinct_.grouped_df', 'distinct_.tbl_df', 'do.NULL', 'do.da [... truncated]
Flavor: r-oldrel-windows-ix86+x86_64