CRAN Package Check Results for Package FIT

Last updated on 2019-01-15 00:46:27 CET.

Flavor Version Tinstall Tcheck Ttotal Status Flags
r-devel-linux-x86_64-debian-clang 0.0.6 33.03 109.64 142.67 OK
r-devel-linux-x86_64-debian-gcc 0.0.6 33.27 70.44 103.71 OK
r-devel-linux-x86_64-fedora-clang 0.0.6 169.73 NOTE
r-devel-linux-x86_64-fedora-gcc 0.0.6 162.75 NOTE
r-devel-windows-ix86+x86_64 0.0.6 61.00 116.00 177.00 OK
r-patched-linux-x86_64 0.0.6 40.08 93.92 134.00 OK
r-patched-solaris-x86 0.0.6 193.00 NOTE
r-release-linux-x86_64 0.0.6 40.89 96.86 137.75 OK
r-release-windows-ix86+x86_64 0.0.6 85.00 121.00 206.00 OK
r-release-osx-x86_64 0.0.6 NOTE
r-oldrel-windows-ix86+x86_64 0.0.6 90.00 162.00 252.00 OK
r-oldrel-osx-x86_64 0.0.5 NOTE

Check Details

Version: 0.0.6
Check: installed package size
Result: NOTE
     installed size is 9.6Mb
     sub-directories of 1Mb or more:
     libs 8.8Mb
Flavors: r-devel-linux-x86_64-fedora-clang, r-release-osx-x86_64

Version: 0.0.6
Check: dependencies in R code
Result: NOTE
    Namespaces in Imports field not imported from:
     ‘MASS’ ‘XML’ ‘gglasso’ ‘methods’
     All declared Imports should be used.
Flavors: r-devel-linux-x86_64-fedora-clang, r-devel-linux-x86_64-fedora-gcc, r-patched-solaris-x86, r-release-osx-x86_64

Version: 0.0.5
Check: installed package size
Result: NOTE
     installed size is 9.5Mb
     sub-directories of 1Mb or more:
     libs 8.7Mb
Flavor: r-oldrel-osx-x86_64

Version: 0.0.5
Check: dependencies in R code
Result: NOTE
    Namespaces in Imports field not imported from:
     ‘MASS’ ‘XML’ ‘gglasso’ ‘methods’
     All declared Imports should be used.
Flavor: r-oldrel-osx-x86_64