CRAN Package Check Results for Package GDINA

Last updated on 2019-01-15 00:46:28 CET.

Flavor Version Tinstall Tcheck Ttotal Status Flags
r-devel-linux-x86_64-debian-clang 2.3.2 183.80 82.52 266.32 OK
r-devel-linux-x86_64-debian-gcc 2.3.2 168.94 62.36 231.30 OK
r-devel-linux-x86_64-fedora-clang 2.3.2 404.17 NOTE
r-devel-linux-x86_64-fedora-gcc 2.3.2 365.89 OK
r-devel-windows-ix86+x86_64 2.3.2 315.00 115.00 430.00 WARN
r-patched-linux-x86_64 2.3.2 218.18 75.74 293.92 OK
r-patched-solaris-x86 2.3.2 332.50 OK
r-release-linux-x86_64 2.3.2 212.91 75.12 288.03 OK
r-release-windows-ix86+x86_64 2.3.2 459.00 118.00 577.00 OK
r-release-osx-x86_64 2.3.2 NOTE
r-oldrel-windows-ix86+x86_64 2.3.2 337.00 121.00 458.00 OK
r-oldrel-osx-x86_64 2.2.0 NOTE

Check Details

Version: 2.3.2
Check: installed package size
Result: NOTE
     installed size is 13.0Mb
     sub-directories of 1Mb or more:
     libs 12.1Mb
Flavors: r-devel-linux-x86_64-fedora-clang, r-release-osx-x86_64

Version: 2.3.2
Check: whether package can be installed
Result: WARN
    Found the following significant warnings:
     Warning: S3 methods '[.fun_list', '[.grouped_df', 'all.equal.tbl_df', 'anti_join.data.frame', 'anti_join.tbl_df', 'arrange.data.frame', 'arrange.default', 'arrange.grouped_df', 'arrange.tbl_df', 'arrange_.data.frame', 'arrange_.tbl_df', 'as.data.frame.grouped_df', 'as.data.frame.rowwise_df', 'as.data.frame.tbl_cube', 'as.table.tbl_cube', 'as.tbl.data.frame', 'as.tbl.tbl', 'as.tbl_cube.array', 'as.tbl_cube.data.frame', 'as.tbl_cube.matrix', 'as.tbl_cube.table', 'as_tibble.grouped_df', 'as_tibble.tbl_cube', 'auto_copy.tbl_cube', 'auto_copy.tbl_df', 'cbind.grouped_df', 'collapse.data.frame', 'collect.data.frame', 'common_by.NULL', 'common_by.character', 'common_by.default', 'common_by.list', 'compute.data.frame', 'copy_to.DBIConnection', 'copy_to.src_local', 'default_missing.data.frame', 'default_missing.default', 'dim.tbl_cube', 'distinct.data.frame', 'distinct.default', 'distinct.grouped_df', 'distinct.tbl_df', 'distinct_.data.frame', 'distinct_.grouped_df', 'distinct_.tbl_df', 'do.NULL', 'do.da [... truncated]
Flavor: r-devel-windows-ix86+x86_64

Version: 2.2.0
Check: installed package size
Result: NOTE
     installed size is 8.8Mb
     sub-directories of 1Mb or more:
     libs 8.2Mb
Flavor: r-oldrel-osx-x86_64