CRAN Package Check Results for Package GGEBiplots

Last updated on 2019-01-15 00:46:28 CET.

Flavor Version Tinstall Tcheck Ttotal Status Flags
r-devel-linux-x86_64-debian-clang 0.1.1 3.91 48.66 52.57 OK
r-devel-linux-x86_64-debian-gcc 0.1.1 3.17 37.20 40.37 OK
r-devel-linux-x86_64-fedora-clang 0.1.1 60.94 NOTE
r-devel-linux-x86_64-fedora-gcc 0.1.1 56.16 NOTE
r-devel-windows-ix86+x86_64 0.1.1 6.00 61.00 67.00 OK
r-patched-linux-x86_64 0.1.1 3.62 44.53 48.15 NOTE
r-patched-solaris-x86 0.1.1 90.90 NOTE
r-release-linux-x86_64 0.1.1 2.97 43.83 46.80 NOTE
r-release-windows-ix86+x86_64 0.1.1 6.00 56.00 62.00 OK
r-release-osx-x86_64 0.1.1 NOTE
r-oldrel-windows-ix86+x86_64 0.1.1 8.00 66.00 74.00 OK
r-oldrel-osx-x86_64 0.1.1 NOTE

Check Details

Version: 0.1.1
Check: dependencies in R code
Result: NOTE
    Namespaces in Imports field not imported from:
     ‘GGEBiplotGUI’ ‘gge’ ‘utils’
     All declared Imports should be used.
Flavors: r-devel-linux-x86_64-fedora-clang, r-devel-linux-x86_64-fedora-gcc, r-patched-solaris-x86, r-release-osx-x86_64, r-oldrel-osx-x86_64

Version: 0.1.1
Check: DESCRIPTION meta-information
Result: NOTE
    Dependence on R version ‘3.3.1’ not with patchlevel 0
Flavors: r-patched-linux-x86_64, r-release-linux-x86_64