CRAN Package Check Results for Package GetITRData

Last updated on 2019-01-15 00:46:28 CET.

Flavor Version Tinstall Tcheck Ttotal Status Flags
r-devel-linux-x86_64-debian-clang 0.7 1.65 28.88 30.53 OK --no-vignettes
r-devel-linux-x86_64-debian-gcc 0.7 1.64 23.18 24.82 OK --no-vignettes
r-devel-linux-x86_64-fedora-clang 0.7 45.62 WARN
r-devel-linux-x86_64-fedora-gcc 0.7 43.42 WARN
r-devel-windows-ix86+x86_64 0.7 3.00 86.00 89.00 WARN
r-patched-linux-x86_64 0.7 2.22 26.75 28.97 OK --no-vignettes
r-patched-solaris-x86 0.7 66.30 WARN
r-release-linux-x86_64 0.7 2.04 26.81 28.85 OK --no-vignettes
r-release-windows-ix86+x86_64 0.7 6.00 82.00 88.00 WARN
r-release-osx-x86_64 0.7 OK
r-oldrel-windows-ix86+x86_64 0.7 3.00 86.00 89.00 WARN
r-oldrel-osx-x86_64 0.7 OK

Check Details

Version: 0.7
Check: re-building of vignette outputs
Result: WARN
    Error(s) in re-building vignettes:
    --- re-building ‘gitrd-vignette-introduction.Rmd’ using rmarkdown
    Quitting from lines 99-112 (gitrd-vignette-introduction.Rmd)
    Error: processing vignette 'gitrd-vignette-introduction.Rmd' failed with diagnostics:
    cannot open URL 'http://www.rad.cvm.gov.br/enetconsulta/frmDownloadDocumento.aspx?CodigoInstituicao=2&NumeroSequencialDocumento=8203'
    --- failed re-building ‘gitrd-vignette-introduction.Rmd’
    
    SUMMARY: processing the following file failed:
     ‘gitrd-vignette-introduction.Rmd’
    
    Error: Vignette re-building failed.
    Execution halted
Flavors: r-devel-linux-x86_64-fedora-clang, r-devel-linux-x86_64-fedora-gcc

Version: 0.7
Check: re-building of vignette outputs
Result: WARN
    Error(s) in re-building vignettes:
    --- re-building 'gitrd-vignette-introduction.Rmd' using rmarkdown
    Quitting from lines 99-112 (gitrd-vignette-introduction.Rmd)
    Error: processing vignette 'gitrd-vignette-introduction.Rmd' failed with diagnostics:
    Zipped file contains 0 files. This is likelly a problem with the downloaded file. Try running the code again as the corrupted zip file was deleted and will be downloaded again.
    
    If the problem persists, my suggestions is to remove the time period with problem.
    --- failed re-building 'gitrd-vignette-introduction.Rmd'
    
    SUMMARY: processing the following file failed:
     'gitrd-vignette-introduction.Rmd'
    
    Error: Vignette re-building failed.
    Execution halted
Flavor: r-devel-windows-ix86+x86_64

Version: 0.7
Check: re-building of vignette outputs
Result: WARN
    Error in re-building vignettes:
     ...
    Warning in engine$weave(file, quiet = quiet, encoding = enc) :
     Pandoc (>= 1.12.3) and/or pandoc-citeproc not available. Falling back to R Markdown v1.
    Quitting from lines 99-112 (gitrd-vignette-introduction.Rmd)
    Error: processing vignette 'gitrd-vignette-introduction.Rmd' failed with diagnostics:
    cannot open URL 'http://www.rad.cvm.gov.br/enetconsulta/frmDownloadDocumento.aspx?CodigoInstituicao=2&NumeroSequencialDocumento=8203'
    Execution halted
Flavor: r-patched-solaris-x86

Version: 0.7
Check: re-building of vignette outputs
Result: WARN
    Error in re-building vignettes:
     ...
    Quitting from lines 99-112 (gitrd-vignette-introduction.Rmd)
    Error: processing vignette 'gitrd-vignette-introduction.Rmd' failed with diagnostics:
    cannot open URL 'http://www.rad.cvm.gov.br/enetconsulta/frmDownloadDocumento.aspx?CodigoInstituicao=2&NumeroSequencialDocumento=8203'
    Execution halted
Flavors: r-release-windows-ix86+x86_64, r-oldrel-windows-ix86+x86_64