CRAN Package Check Results for Package IAPWS95

Last updated on 2019-01-15 00:46:30 CET.

Flavor Version Tinstall Tcheck Ttotal Status Flags
r-devel-linux-x86_64-debian-clang 1.1.0 8.59 34.75 43.34 OK
r-devel-linux-x86_64-debian-gcc 1.1.0 6.90 27.79 34.69 OK
r-devel-linux-x86_64-fedora-clang 1.1.0 53.08 NOTE
r-devel-linux-x86_64-fedora-gcc 1.1.0 49.84 NOTE
r-devel-windows-ix86+x86_64 1.1.0 22.00 57.00 79.00 OK
r-patched-linux-x86_64 1.1.0 8.86 32.56 41.42 OK
r-patched-solaris-x86 1.1.0 1882.70 ERROR
r-release-linux-x86_64 1.1.0 8.23 32.83 41.06 OK
r-release-windows-ix86+x86_64 1.1.0 28.00 52.00 80.00 OK
r-release-osx-x86_64 1.1.0 NOTE
r-oldrel-windows-ix86+x86_64 1.1.0 22.00 59.00 81.00 OK
r-oldrel-osx-x86_64 1.1.0 NOTE

Check Details

Version: 1.1.0
Check: dependencies in R code
Result: NOTE
    Namespaces in Imports field not imported from:
     ‘Rcpp’ ‘ggplot2’ ‘pander’
     All declared Imports should be used.
Flavors: r-devel-linux-x86_64-fedora-clang, r-devel-linux-x86_64-fedora-gcc, r-patched-solaris-x86, r-release-osx-x86_64, r-oldrel-osx-x86_64

Version: 1.1.0
Check: data for non-ASCII characters
Result: NOTE
     Note: found 3 marked UTF-8 strings
Flavors: r-devel-linux-x86_64-fedora-clang, r-devel-linux-x86_64-fedora-gcc, r-patched-solaris-x86, r-release-osx-x86_64, r-oldrel-osx-x86_64

Version: 1.1.0
Check: examples
Result: ERROR
    Running examples in ‘IAPWS95-Ex.R’ failed
    The error most likely occurred in:
    
    > ### Name: TDh
    > ### Title: Temperature, Function of Density and Enthalpy
    > ### Aliases: TDh
    >
    > ### ** Examples
    >
    > D <- 838.025
    > h <- 977.181624
    > T_Dh <- TDh(D,h)
Flavor: r-patched-solaris-x86