CRAN Package Check Results for Package LCAvarsel

Last updated on 2019-01-15 00:46:32 CET.

Flavor Version Tinstall Tcheck Ttotal Status Flags
r-devel-linux-x86_64-debian-clang 1.1 1.99 33.11 35.10 OK
r-devel-linux-x86_64-debian-gcc 1.1 2.04 25.56 27.60 OK
r-devel-linux-x86_64-fedora-clang 1.1 41.22 NOTE
r-devel-linux-x86_64-fedora-gcc 1.1 38.97 NOTE
r-devel-windows-ix86+x86_64 1.1 4.00 43.00 47.00 OK
r-patched-linux-x86_64 1.1 1.79 29.82 31.61 OK
r-patched-solaris-x86 1.1 59.80 NOTE
r-release-linux-x86_64 1.1 2.54 29.38 31.92 OK
r-release-windows-ix86+x86_64 1.1 5.00 39.00 44.00 OK
r-release-osx-x86_64 1.1 NOTE
r-oldrel-windows-ix86+x86_64 1.1 4.00 38.00 42.00 OK
r-oldrel-osx-x86_64 1.1 NOTE

Check Details

Version: 1.1
Check: dependencies in R code
Result: NOTE
    Namespace in Imports field not imported from: ‘doParallel’
     All declared Imports should be used.
Flavors: r-devel-linux-x86_64-fedora-clang, r-devel-linux-x86_64-fedora-gcc, r-patched-solaris-x86, r-release-osx-x86_64, r-oldrel-osx-x86_64