CRAN Package Check Results for Package LLSR

Last updated on 2019-01-15 00:46:33 CET.

Flavor Version Tinstall Tcheck Ttotal Status Flags
r-devel-linux-x86_64-debian-clang 0.0.2.5 5.75 61.81 67.56 OK
r-devel-linux-x86_64-debian-gcc 0.0.2.6 5.89 48.44 54.33 OK
r-devel-linux-x86_64-fedora-clang 0.0.2.6 84.11 NOTE
r-devel-linux-x86_64-fedora-gcc 0.0.2.6 78.73 NOTE
r-devel-windows-ix86+x86_64 0.0.2.5 10.00 73.00 83.00 OK
r-patched-linux-x86_64 0.0.2.5 6.26 57.29 63.55 OK
r-patched-solaris-x86 0.0.2.5 105.30 NOTE
r-release-linux-x86_64 0.0.2.5 5.20 57.04 62.24 OK
r-release-windows-ix86+x86_64 0.0.2.5 14.00 64.00 78.00 OK
r-release-osx-x86_64 0.0.2.6 NOTE
r-oldrel-windows-ix86+x86_64 0.0.2.2 13.00 101.00 114.00 OK
r-oldrel-osx-x86_64 0.0.2.5 ERROR

Check Details

Version: 0.0.2.6
Check: data for non-ASCII characters
Result: NOTE
     Note: found 130 marked UTF-8 strings
Flavors: r-devel-linux-x86_64-fedora-clang, r-devel-linux-x86_64-fedora-gcc, r-release-osx-x86_64

Version: 0.0.2.5
Check: data for non-ASCII characters
Result: NOTE
     Note: found 72 marked UTF-8 strings
Flavor: r-patched-solaris-x86

Version: 0.0.2.5
Check: whether package can be installed
Result: ERROR
    Installation failed.
Flavor: r-oldrel-osx-x86_64