Last updated on 2019-01-15 00:46:33 CET.
Flavor | Version | Tinstall | Tcheck | Ttotal | Status | Flags |
---|---|---|---|---|---|---|
r-devel-linux-x86_64-debian-clang | 0.2 | 7.90 | 114.66 | 122.56 | OK | |
r-devel-linux-x86_64-debian-gcc | 0.2 | 6.95 | 89.74 | 96.69 | OK | |
r-devel-linux-x86_64-fedora-clang | 0.2 | 137.94 | OK | |||
r-devel-linux-x86_64-fedora-gcc | 0.2 | 131.38 | OK | |||
r-devel-windows-ix86+x86_64 | 0.2 | 13.00 | 112.00 | 125.00 | WARN | |
r-patched-linux-x86_64 | 0.2 | 7.40 | 106.19 | 113.59 | OK | |
r-patched-solaris-x86 | 0.2 | 199.50 | OK | |||
r-release-linux-x86_64 | 0.2 | 8.41 | 101.18 | 109.59 | OK | |
r-release-windows-ix86+x86_64 | 0.2 | 21.00 | 119.00 | 140.00 | OK | |
r-release-osx-x86_64 | 0.2 | OK | ||||
r-oldrel-windows-ix86+x86_64 | 0.2 | 15.00 | 127.00 | 142.00 | OK | |
r-oldrel-osx-x86_64 | 0.2 | WARN |
Version: 0.2
Check: whether package can be installed
Result: WARN
Found the following significant warnings:
Warning: S3 methods '[.fun_list', '[.grouped_df', 'all.equal.tbl_df', 'anti_join.data.frame', 'anti_join.tbl_df', 'arrange.data.frame', 'arrange.default', 'arrange.grouped_df', 'arrange.tbl_df', 'arrange_.data.frame', 'arrange_.tbl_df', 'as.data.frame.grouped_df', 'as.data.frame.rowwise_df', 'as.data.frame.tbl_cube', 'as.table.tbl_cube', 'as.tbl.data.frame', 'as.tbl.tbl', 'as.tbl_cube.array', 'as.tbl_cube.data.frame', 'as.tbl_cube.matrix', 'as.tbl_cube.table', 'as_tibble.grouped_df', 'as_tibble.tbl_cube', 'auto_copy.tbl_cube', 'auto_copy.tbl_df', 'cbind.grouped_df', 'collapse.data.frame', 'collect.data.frame', 'common_by.NULL', 'common_by.character', 'common_by.default', 'common_by.list', 'compute.data.frame', 'copy_to.DBIConnection', 'copy_to.src_local', 'default_missing.data.frame', 'default_missing.default', 'dim.tbl_cube', 'distinct.data.frame', 'distinct.default', 'distinct.grouped_df', 'distinct.tbl_df', 'distinct_.data.frame', 'distinct_.grouped_df', 'distinct_.tbl_df', 'do.NULL', 'do.da [... truncated]
Flavor: r-devel-windows-ix86+x86_64
Version: 0.2
Check: re-building of vignette outputs
Result: WARN
Error in re-building vignettes:
...
Warning: running command 'kpsewhich framed.sty' had status 1
Warning in test_latex_pkg("framed", system.file("misc", "framed.sty", package = "knitr")) :
unable to find LaTeX package 'framed'; will use a copy from knitr
Error in texi2dvi(file = file, pdf = TRUE, clean = clean, quiet = quiet, :
Running 'texi2dvi' on 'plotGlm.tex' failed.
LaTeX errors:
! LaTeX Error: File `morefloats.sty' not found.
Type X to quit or <RETURN> to proceed,
or enter new name. (Default extension: sty)
! Emergency stop.
<read *>
l.67 \usepackage
[section]{placeins}^^M
! ==> Fatal error occurred, no output PDF file produced!
Calls: buildVignettes -> texi2pdf -> texi2dvi
Execution halted
Flavor: r-oldrel-osx-x86_64