CRAN Package Check Results for Package MCMC.OTU

Last updated on 2019-01-15 00:46:34 CET.

Flavor Version Tinstall Tcheck Ttotal Status Flags
r-devel-linux-x86_64-debian-clang 1.0.10 6.03 78.40 84.43 WARN
r-devel-linux-x86_64-debian-gcc 1.0.10 4.41 59.17 63.58 WARN
r-devel-linux-x86_64-fedora-clang 1.0.10 97.75 WARN
r-devel-linux-x86_64-fedora-gcc 1.0.10 92.43 WARN
r-devel-windows-ix86+x86_64 1.0.10 10.00 78.00 88.00 WARN
r-patched-linux-x86_64 1.0.10 6.01 71.37 77.38 WARN
r-patched-solaris-x86 1.0.10 142.00 WARN
r-release-linux-x86_64 1.0.10 4.63 70.83 75.46 WARN
r-release-windows-ix86+x86_64 1.0.10 14.00 79.00 93.00 WARN
r-release-osx-x86_64 1.0.10 WARN
r-oldrel-windows-ix86+x86_64 1.0.10 9.00 93.00 102.00 WARN
r-oldrel-osx-x86_64 1.0.10 OK

Check Details

Version: 1.0.10
Check: examples
Result: WARN
    Found the following significant warnings:
    
     Warning: 'cBind' is deprecated.
    Deprecated functions may be defunct as soon as of the next release of
    R.
    See ?Deprecated.
Flavors: r-devel-linux-x86_64-debian-clang, r-devel-linux-x86_64-debian-gcc, r-devel-linux-x86_64-fedora-clang, r-devel-linux-x86_64-fedora-gcc, r-devel-windows-ix86+x86_64, r-patched-linux-x86_64, r-patched-solaris-x86, r-release-linux-x86_64, r-release-windows-ix86+x86_64, r-release-osx-x86_64, r-oldrel-windows-ix86+x86_64