CRAN Package Check Results for Package MIIVsem

Last updated on 2019-01-15 00:46:35 CET.

Flavor Version Tinstall Tcheck Ttotal Status Flags
r-devel-linux-x86_64-debian-clang 0.5.2 4.23 35.46 39.69 OK
r-devel-linux-x86_64-debian-gcc 0.5.2 3.42 27.13 30.55 OK
r-devel-linux-x86_64-fedora-clang 0.5.2 46.18 NOTE
r-devel-linux-x86_64-fedora-gcc 0.5.2 42.42 NOTE
r-devel-windows-ix86+x86_64 0.5.2 5.00 39.00 44.00 OK
r-patched-linux-x86_64 0.5.2 3.37 32.81 36.18 OK
r-patched-solaris-x86 0.5.2 63.70 NOTE
r-release-linux-x86_64 0.5.2 4.26 32.50 36.76 OK
r-release-windows-ix86+x86_64 0.5.2 10.00 46.00 56.00 OK
r-release-osx-x86_64 0.5.2 NOTE
r-oldrel-windows-ix86+x86_64 0.5.2 7.00 45.00 52.00 OK
r-oldrel-osx-x86_64 0.5.2 NOTE

Check Details

Version: 0.5.2
Check: dependencies in R code
Result: NOTE
    Namespace in Imports field not imported from: ‘methods’
     All declared Imports should be used.
Flavors: r-devel-linux-x86_64-fedora-clang, r-devel-linux-x86_64-fedora-gcc, r-patched-solaris-x86, r-release-osx-x86_64, r-oldrel-osx-x86_64