CRAN Package Check Results for Package MLmetrics

Last updated on 2019-01-15 00:46:35 CET.

Flavor Version Tinstall Tcheck Ttotal Status Flags
r-devel-linux-x86_64-debian-clang 1.1.1 1.45 21.01 22.46 OK
r-devel-linux-x86_64-debian-gcc 1.1.1 1.19 16.78 17.97 OK
r-devel-linux-x86_64-fedora-clang 1.1.1 26.72 NOTE
r-devel-linux-x86_64-fedora-gcc 1.1.1 24.94 NOTE
r-devel-windows-ix86+x86_64 1.1.1 4.00 34.00 38.00 OK
r-patched-linux-x86_64 1.1.1 0.86 19.47 20.33 OK
r-patched-solaris-x86 1.1.1 38.90 NOTE
r-release-linux-x86_64 1.1.1 1.26 19.51 20.77 OK
r-release-windows-ix86+x86_64 1.1.1 4.00 33.00 37.00 OK
r-release-osx-x86_64 1.1.1 NOTE
r-oldrel-windows-ix86+x86_64 1.1.1 2.00 32.00 34.00 OK
r-oldrel-osx-x86_64 1.1.1 NOTE

Check Details

Version: 1.1.1
Check: dependencies in R code
Result: NOTE
    Namespace in Imports field not imported from: ‘utils’
     All declared Imports should be used.
Flavors: r-devel-linux-x86_64-fedora-clang, r-devel-linux-x86_64-fedora-gcc, r-patched-solaris-x86, r-release-osx-x86_64, r-oldrel-osx-x86_64