CRAN Package Check Results for Package MachineShop

Last updated on 2019-01-15 00:46:33 CET.

Flavor Version Tinstall Tcheck Ttotal Status Flags
r-devel-linux-x86_64-debian-clang 1.0.0 17.49 513.49 530.98 OK
r-devel-linux-x86_64-debian-gcc 1.0.0 16.37 374.47 390.84 OK
r-devel-linux-x86_64-fedora-clang 1.0.0 658.26 NOTE
r-devel-linux-x86_64-fedora-gcc 1.0.0 600.04 NOTE
r-devel-windows-ix86+x86_64 1.0.0 31.00 329.00 360.00 OK
r-patched-linux-x86_64 1.0.0 16.12 477.07 493.19 OK
r-patched-solaris-x86 1.0.0 978.40 NOTE
r-release-linux-x86_64 1.0.0 15.68 473.62 489.30 OK
r-release-windows-ix86+x86_64 1.0.0 39.00 334.00 373.00 OK
r-release-osx-x86_64 1.0.0 NOTE
r-oldrel-windows-ix86+x86_64 1.0.0 21.00 387.00 408.00 OK
r-oldrel-osx-x86_64 0.4.0 NOTE

Check Details

Version: 1.0.0
Check: dependencies in R code
Result: NOTE
    Namespaces in Imports field not imported from:
     ‘polspline’ ‘survivalROC’
     All declared Imports should be used.
Flavors: r-devel-linux-x86_64-fedora-clang, r-devel-linux-x86_64-fedora-gcc, r-patched-solaris-x86, r-release-osx-x86_64

Version: 0.4.0
Check: dependencies in R code
Result: NOTE
    Namespace in Imports field not imported from: ‘survivalROC’
     All declared Imports should be used.
Flavor: r-oldrel-osx-x86_64