Last updated on 2019-01-15 00:46:34 CET.
Flavor | Version | Tinstall | Tcheck | Ttotal | Status | Flags |
---|---|---|---|---|---|---|
r-devel-linux-x86_64-debian-clang | 2.0.0 | 9.68 | 154.99 | 164.67 | OK | |
r-devel-linux-x86_64-debian-gcc | 2.0.0 | 8.27 | 213.98 | 222.25 | OK | |
r-devel-linux-x86_64-fedora-clang | 2.0.0 | 182.41 | NOTE | |||
r-devel-linux-x86_64-fedora-gcc | 2.0.0 | 159.42 | NOTE | |||
r-devel-windows-ix86+x86_64 | 2.0.0 | 15.00 | 151.00 | 166.00 | OK | |
r-patched-linux-x86_64 | 2.0.0 | 10.88 | 172.10 | 182.98 | OK | |
r-patched-solaris-x86 | 2.0.0 | 216.40 | NOTE | |||
r-release-linux-x86_64 | 2.0.0 | 8.73 | 126.42 | 135.15 | OK | |
r-release-windows-ix86+x86_64 | 2.0.0 | 20.00 | 141.00 | 161.00 | OK | |
r-release-osx-x86_64 | 2.0.0 | WARN | ||||
r-oldrel-windows-ix86+x86_64 | 2.0.0 | 11.00 | 178.00 | 189.00 | OK | |
r-oldrel-osx-x86_64 | 2.0.0 | WARN |
Version: 2.0.0
Check: dependencies in R code
Result: NOTE
Namespaces in Imports field not imported from:
‘DT’ ‘GEOmetadb’ ‘RMySQL’ ‘RSQLite’ ‘gplots’ ‘pheatmap’ ‘readr’
All declared Imports should be used.
Flavors: r-devel-linux-x86_64-fedora-clang, r-devel-linux-x86_64-fedora-gcc, r-patched-solaris-x86, r-release-osx-x86_64, r-oldrel-osx-x86_64
Version: 2.0.0
Check: package dependencies
Result: NOTE
Package suggested but not available for checking: ‘BiocStyle’
Flavors: r-release-osx-x86_64, r-oldrel-osx-x86_64
Version: 2.0.0
Check: re-building of vignette outputs
Result: WARN
Error in re-building vignettes:
...
Warning in engine$weave(file, quiet = quiet, encoding = enc) :
Pandoc (>= 1.12.3) and/or pandoc-citeproc not available. Falling back to R Markdown v1.
Quitting from lines 26-27 (MetaIntegrator.Rmd)
Error: processing vignette 'MetaIntegrator.Rmd' failed with diagnostics:
there is no package called 'BiocStyle'
Execution halted
Flavors: r-release-osx-x86_64, r-oldrel-osx-x86_64