Last updated on 2019-01-15 00:46:35 CET.
Flavor | Version | Tinstall | Tcheck | Ttotal | Status | Flags |
---|---|---|---|---|---|---|
r-devel-linux-x86_64-debian-clang | 0.2-5 | 8.35 | 81.14 | 89.49 | OK | |
r-devel-linux-x86_64-debian-gcc | 0.2-5 | 5.79 | 63.03 | 68.82 | OK | |
r-devel-linux-x86_64-fedora-clang | 0.2-5 | 105.35 | OK | |||
r-devel-linux-x86_64-fedora-gcc | 0.2-5 | 96.00 | OK | |||
r-devel-windows-ix86+x86_64 | 0.2-5 | 12.00 | 86.00 | 98.00 | OK | |
r-patched-linux-x86_64 | 0.2-5 | 7.06 | 77.43 | 84.49 | OK | |
r-patched-solaris-x86 | 0.2-5 | 166.10 | OK | |||
r-release-linux-x86_64 | 0.2-5 | 6.13 | 75.42 | 81.55 | OK | |
r-release-windows-ix86+x86_64 | 0.2-5 | 16.00 | 103.00 | 119.00 | OK | |
r-release-osx-x86_64 | 0.2-5 | ERROR | ||||
r-oldrel-windows-ix86+x86_64 | 0.2-5 | 10.00 | 111.00 | 121.00 | OK | |
r-oldrel-osx-x86_64 | 0.2-5 | ERROR |
Version: 0.2-5
Check: package dependencies
Result: ERROR
Packages required but not available: ‘gWidgetsRGtk2’ ‘cairoDevice’
See section ‘The DESCRIPTION file’ in the ‘Writing R Extensions’
manual.
Flavors: r-release-osx-x86_64, r-oldrel-osx-x86_64