CRAN Package Check Results for Package NOAAWeather

Last updated on 2019-01-15 00:46:37 CET.

Flavor Version Tinstall Tcheck Ttotal Status Flags
r-devel-linux-x86_64-debian-clang 0.1.0 13.15 86.84 99.99 WARN
r-devel-linux-x86_64-debian-gcc 0.1.0 12.85 66.23 79.08 WARN
r-devel-linux-x86_64-fedora-clang 0.1.0 119.49 WARN
r-devel-linux-x86_64-fedora-gcc 0.1.0 112.59 WARN
r-devel-windows-ix86+x86_64 0.1.0 16.00 100.00 116.00 WARN
r-patched-linux-x86_64 0.1.0 11.25 80.80 92.05 WARN
r-patched-solaris-x86 0.1.0 199.80 WARN
r-release-linux-x86_64 0.1.0 10.66 80.45 91.11 WARN
r-release-windows-ix86+x86_64 0.1.0 27.00 97.00 124.00 WARN
r-release-osx-x86_64 0.1.0 NOTE
r-oldrel-windows-ix86+x86_64 0.1.0 19.00 102.00 121.00 WARN
r-oldrel-osx-x86_64 0.1.0 NOTE

Check Details

Version: 0.1.0
Check: re-building of vignette outputs
Result: WARN
    Error(s) in re-building vignettes:
     ...
    --- re-building ‘Report.Rmd’ using rmarkdown
    Quitting from lines 52-55 (Report.Rmd)
    Error: processing vignette 'Report.Rmd' failed with diagnostics:
    lexical error: invalid char in json text.
     <!DOCTYPE HTML PUBLIC "-//IETF/
     (right here) ------^
    
    --- failed re-building ‘Report.Rmd’
    
    SUMMARY: processing the following file failed:
     ‘Report.Rmd’
    
    Error: Vignette re-building failed.
    Execution halted
Flavors: r-devel-linux-x86_64-debian-clang, r-devel-linux-x86_64-debian-gcc

Version: 0.1.0
Check: installed package size
Result: NOTE
     installed size is 5.1Mb
     sub-directories of 1Mb or more:
     data 4.6Mb
Flavors: r-devel-linux-x86_64-fedora-clang, r-devel-windows-ix86+x86_64, r-patched-solaris-x86, r-release-windows-ix86+x86_64, r-release-osx-x86_64, r-oldrel-windows-ix86+x86_64, r-oldrel-osx-x86_64

Version: 0.1.0
Check: re-building of vignette outputs
Result: WARN
    Error(s) in re-building vignettes:
    --- re-building ‘Report.Rmd’ using rmarkdown
    Quitting from lines 52-55 (Report.Rmd)
    Error: processing vignette 'Report.Rmd' failed with diagnostics:
    lexical error: invalid char in json text.
     <!DOCTYPE HTML PUBLIC "-//IETF/
     (right here) ------^
    
    --- failed re-building ‘Report.Rmd’
    
    SUMMARY: processing the following file failed:
     ‘Report.Rmd’
    
    Error: Vignette re-building failed.
    Execution halted
Flavors: r-devel-linux-x86_64-fedora-clang, r-devel-linux-x86_64-fedora-gcc, r-devel-windows-ix86+x86_64

Version: 0.1.0
Check: re-building of vignette outputs
Result: WARN
    Error in re-building vignettes:
     ...
    Quitting from lines 52-55 (Report.Rmd)
    Error: processing vignette ‘Report.Rmd’ failed with diagnostics:
    lexical error: invalid char in json text.
     <!DOCTYPE HTML PUBLIC "-//IETF/
     (right here) ------^
    Execution halted
Flavors: r-patched-linux-x86_64, r-release-linux-x86_64, r-release-windows-ix86+x86_64, r-oldrel-windows-ix86+x86_64

Version: 0.1.0
Check: re-building of vignette outputs
Result: WARN
    Error in re-building vignettes:
     ...
    Warning in engine$weave(file, quiet = quiet, encoding = enc) :
     Pandoc (>= 1.12.3) and/or pandoc-citeproc not available. Falling back to R Markdown v1.
    Quitting from lines 52-55 (Report.Rmd)
    Error: processing vignette 'Report.Rmd' failed with diagnostics:
    lexical error: invalid char in json text.
     <!DOCTYPE HTML PUBLIC "-//IETF/
     (right here) ------^
    Execution halted
Flavor: r-patched-solaris-x86