Last updated on 2019-01-15 00:46:36 CET.
Flavor | Version | Tinstall | Tcheck | Ttotal | Status | Flags |
---|---|---|---|---|---|---|
r-devel-linux-x86_64-debian-clang | 1.2.1 | 7.35 | 99.80 | 107.15 | OK | |
r-devel-linux-x86_64-debian-gcc | 1.2.1 | 6.56 | 75.49 | 82.05 | OK | |
r-devel-linux-x86_64-fedora-clang | 1.2.1 | 126.60 | OK | |||
r-devel-linux-x86_64-fedora-gcc | 1.2.1 | 117.22 | OK | |||
r-devel-windows-ix86+x86_64 | 1.2.1 | 17.00 | 113.00 | 130.00 | WARN | |
r-patched-linux-x86_64 | 1.2.1 | 6.38 | 91.97 | 98.35 | OK | |
r-patched-solaris-x86 | 1.2.1 | 173.00 | OK | |||
r-release-linux-x86_64 | 1.2.1 | 7.11 | 93.56 | 100.67 | OK | |
r-release-windows-ix86+x86_64 | 1.2.1 | 23.00 | 117.00 | 140.00 | OK | |
r-release-osx-x86_64 | 1.2.1 | OK | ||||
r-oldrel-windows-ix86+x86_64 | 1.2.1 | 17.00 | 119.00 | 136.00 | OK | |
r-oldrel-osx-x86_64 | 1.2.1 | OK |
Version: 1.2.1
Check: whether package can be installed
Result: WARN
Found the following significant warnings:
Warning: 'BiocInstaller' and 'biocLite()' are deprecated, use the 'BiocManager' CRAN
Flavor: r-devel-windows-ix86+x86_64