Last updated on 2019-01-15 00:46:37 CET.
Flavor | Version | Tinstall | Tcheck | Ttotal | Status | Flags |
---|---|---|---|---|---|---|
r-devel-linux-x86_64-debian-clang | 0.2.0 | 4.19 | 34.96 | 39.15 | OK | |
r-devel-linux-x86_64-debian-gcc | 0.2.0 | 3.56 | 27.04 | 30.60 | OK | |
r-devel-linux-x86_64-fedora-clang | 0.2.0 | 45.97 | OK | |||
r-devel-linux-x86_64-fedora-gcc | 0.2.0 | 42.81 | OK | |||
r-devel-windows-ix86+x86_64 | 0.2.0 | 4.00 | 44.00 | 48.00 | OK | |
r-patched-linux-x86_64 | 0.2.0 | 3.63 | 32.08 | 35.71 | OK | |
r-patched-solaris-x86 | 0.2.0 | 60.90 | OK | |||
r-release-linux-x86_64 | 0.2.0 | 4.36 | 32.45 | 36.81 | OK | |
r-release-windows-ix86+x86_64 | 0.2.0 | 8.00 | 43.00 | 51.00 | OK | |
r-release-osx-x86_64 | 0.2.0 | OK | ||||
r-oldrel-osx-x86_64 | 0.2.0 | ERROR |
Version: 0.2.0
Check: whether package can be installed
Result: ERROR
Installation failed.
Flavor: r-oldrel-osx-x86_64