Last updated on 2019-01-15 00:46:37 CET.
Flavor | Version | Tinstall | Tcheck | Ttotal | Status | Flags |
---|---|---|---|---|---|---|
r-devel-linux-x86_64-debian-clang | 0.1.1 | 2.12 | 27.33 | 29.45 | OK | |
r-devel-linux-x86_64-debian-gcc | 0.1.1 | 1.54 | 20.74 | 22.28 | OK | |
r-devel-linux-x86_64-fedora-clang | 0.1.1 | 33.87 | NOTE | |||
r-devel-linux-x86_64-fedora-gcc | 0.1.1 | 31.49 | NOTE | |||
r-devel-windows-ix86+x86_64 | 0.1.1 | 5.00 | 32.00 | 37.00 | OK | |
r-patched-linux-x86_64 | 0.1.1 | 1.81 | 24.86 | 26.67 | OK | |
r-patched-solaris-x86 | 0.1.1 | 44.70 | NOTE | |||
r-release-linux-x86_64 | 0.1.1 | 1.73 | 25.07 | 26.80 | OK | |
r-release-windows-ix86+x86_64 | 0.1.1 | 10.00 | 34.00 | 44.00 | OK | |
r-release-osx-x86_64 | 0.1.1 | NOTE | ||||
r-oldrel-windows-ix86+x86_64 | 0.1.1 | 10.00 | 62.00 | 72.00 | OK |
Version: 0.1.1
Check: dependencies in R code
Result: NOTE
Namespaces in Imports field not imported from:
‘boot’ ‘splines’
All declared Imports should be used.
Flavors: r-devel-linux-x86_64-fedora-clang, r-devel-linux-x86_64-fedora-gcc, r-patched-solaris-x86, r-release-osx-x86_64