CRAN Package Check Results for Package OsteoBioR

Last updated on 2019-01-15 00:46:37 CET.

Flavor Version Tinstall Tcheck Ttotal Status Flags
r-devel-linux-x86_64-debian-clang 0.1.1 99.65 81.37 181.02 NOTE
r-devel-linux-x86_64-debian-gcc 0.1.1 105.91 57.14 163.05 NOTE
r-devel-linux-x86_64-fedora-clang 0.1.1 239.95 NOTE
r-devel-linux-x86_64-fedora-gcc 0.1.1 230.29 NOTE
r-devel-windows-ix86+x86_64 0.1.1 175.00 131.00 306.00 NOTE
r-patched-linux-x86_64 0.1.1 127.49 72.44 199.93 NOTE
r-patched-solaris-x86 0.1.1 255.80 NOTE
r-release-linux-x86_64 0.1.1 126.51 68.81 195.32 NOTE
r-release-windows-ix86+x86_64 0.1.1 231.00 138.00 369.00 NOTE
r-release-osx-x86_64 0.1.1 NOTE
r-oldrel-windows-ix86+x86_64 0.1.1 179.00 134.00 313.00 NOTE
r-oldrel-osx-x86_64 0.1.1 NOTE

Check Details

Version: 0.1.1
Check: line endings in C/C++/Fortran sources/headers
Result: NOTE
    Found the following sources/headers with CR or CRLF line endings:
     inst/include/meta_header.hpp
    Some Unix compilers require LF line endings.
Flavors: r-devel-linux-x86_64-debian-clang, r-devel-linux-x86_64-debian-gcc, r-devel-linux-x86_64-fedora-clang, r-devel-linux-x86_64-fedora-gcc, r-devel-windows-ix86+x86_64

Version: 0.1.1
Check: for GNU extensions in Makefiles
Result: NOTE
    GNU make is a SystemRequirements.
Flavors: r-devel-linux-x86_64-debian-clang, r-devel-linux-x86_64-debian-gcc, r-devel-linux-x86_64-fedora-clang, r-devel-linux-x86_64-fedora-gcc, r-devel-windows-ix86+x86_64, r-patched-linux-x86_64, r-patched-solaris-x86, r-release-linux-x86_64, r-release-windows-ix86+x86_64, r-release-osx-x86_64, r-oldrel-windows-ix86+x86_64, r-oldrel-osx-x86_64

Version: 0.1.1
Check: installed package size
Result: NOTE
     installed size is 33.0Mb
     sub-directories of 1Mb or more:
     libs 32.8Mb
Flavors: r-devel-linux-x86_64-fedora-clang, r-release-osx-x86_64, r-oldrel-osx-x86_64