CRAN Package Check Results for Package PakPC2017

Last updated on 2019-01-15 00:46:38 CET.

Flavor Version Tinstall Tcheck Ttotal Status Flags
r-devel-linux-x86_64-debian-clang 1.0.0 4.81 37.88 42.69 OK
r-devel-linux-x86_64-debian-gcc 1.0.0 4.64 30.16 34.80 OK
r-devel-linux-x86_64-fedora-clang 1.0.0 51.86 NOTE
r-devel-linux-x86_64-fedora-gcc 1.0.0 49.44 NOTE
r-devel-windows-ix86+x86_64 1.0.0 8.00 50.00 58.00 OK
r-patched-linux-x86_64 1.0.0 5.04 35.04 40.08 OK
r-patched-solaris-x86 1.0.0 80.00 NOTE
r-release-linux-x86_64 1.0.0 4.96 35.24 40.20 OK
r-release-windows-ix86+x86_64 1.0.0 13.00 53.00 66.00 OK
r-release-osx-x86_64 1.0.0 NOTE
r-oldrel-windows-ix86+x86_64 1.0.0 12.00 56.00 68.00 OK
r-oldrel-osx-x86_64 1.0.0 NOTE

Check Details

Version: 1.0.0
Check: dependencies in R code
Result: NOTE
    Namespace in Imports field not imported from: ‘stats’
     All declared Imports should be used.
Flavors: r-devel-linux-x86_64-fedora-clang, r-devel-linux-x86_64-fedora-gcc, r-patched-solaris-x86, r-release-osx-x86_64, r-oldrel-osx-x86_64