Last updated on 2019-01-15 00:46:38 CET.
Flavor | Version | Tinstall | Tcheck | Ttotal | Status | Flags |
---|---|---|---|---|---|---|
r-devel-linux-x86_64-debian-clang | 0.1.0 | 3.16 | 25.03 | 28.19 | OK | |
r-devel-linux-x86_64-debian-gcc | 0.1.0 | 2.70 | 20.40 | 23.10 | OK | |
r-devel-linux-x86_64-fedora-clang | 0.1.0 | 33.88 | NOTE | |||
r-devel-linux-x86_64-fedora-gcc | 0.1.0 | 32.36 | NOTE | |||
r-devel-windows-ix86+x86_64 | 0.1.0 | 5.00 | 37.00 | 42.00 | OK | |
r-patched-linux-x86_64 | 0.1.0 | 2.20 | 23.37 | 25.57 | OK | |
r-patched-solaris-x86 | 0.1.0 | 53.80 | NOTE | |||
r-release-linux-x86_64 | 0.1.0 | 3.03 | 23.16 | 26.19 | OK | |
r-release-windows-ix86+x86_64 | 0.1.0 | 7.00 | 38.00 | 45.00 | OK | |
r-release-osx-x86_64 | 0.1.0 | NOTE | ||||
r-oldrel-windows-ix86+x86_64 | 0.1.0 | 7.00 | 35.00 | 42.00 | OK | |
r-oldrel-osx-x86_64 | 0.1.0 | NOTE |
Version: 0.1.0
Check: dependencies in R code
Result: NOTE
Namespace in Imports field not imported from: ‘stats’
All declared Imports should be used.
Flavors: r-devel-linux-x86_64-fedora-clang, r-devel-linux-x86_64-fedora-gcc, r-patched-solaris-x86, r-release-osx-x86_64, r-oldrel-osx-x86_64