Last updated on 2019-01-15 00:46:38 CET.
Flavor | Version | Tinstall | Tcheck | Ttotal | Status | Flags |
---|---|---|---|---|---|---|
r-devel-linux-x86_64-debian-clang | 0.0.1 | 2.27 | 193.80 | 196.07 | OK | |
r-devel-linux-x86_64-debian-gcc | 0.0.1 | 2.12 | 138.20 | 140.32 | OK | |
r-devel-linux-x86_64-fedora-clang | 0.0.1 | 105.38 | OK | |||
r-devel-linux-x86_64-fedora-gcc | 0.0.1 | 109.81 | OK | |||
r-devel-windows-ix86+x86_64 | 0.0.1 | 4.00 | 92.00 | 96.00 | OK | |
r-patched-linux-x86_64 | 0.0.1 | 2.14 | 108.86 | 111.00 | OK | |
r-patched-solaris-x86 | 0.0.1 | 128.80 | OK | |||
r-release-linux-x86_64 | 0.0.1 | 2.27 | 99.47 | 101.74 | OK | |
r-release-windows-ix86+x86_64 | 0.0.1 | 6.00 | 90.00 | 96.00 | OK | |
r-release-osx-x86_64 | 0.0.1 | OK | ||||
r-oldrel-osx-x86_64 | 0.0.1 | ERROR |
Version: 0.0.1
Check: whether package can be installed
Result: ERROR
Installation failed.
Flavor: r-oldrel-osx-x86_64