CRAN Package Check Results for Package PlasmaMutationDetector

Last updated on 2019-01-15 00:46:39 CET.

Flavor Version Tinstall Tcheck Ttotal Status Flags
r-devel-linux-x86_64-debian-clang 1.7.2 30.47 336.05 366.52 OK
r-devel-linux-x86_64-debian-gcc 1.7.2 24.98 257.50 282.48 OK
r-devel-linux-x86_64-fedora-clang 1.7.2 439.61 OK
r-devel-linux-x86_64-fedora-gcc 1.7.2 409.78 OK
r-devel-windows-ix86+x86_64 1.7.2 45.00 286.00 331.00 OK
r-patched-linux-x86_64 1.7.2 29.01 306.68 335.69 OK
r-patched-solaris-x86 1.7.2 608.60 OK
r-release-linux-x86_64 1.7.2 22.76 311.35 334.11 OK
r-release-windows-ix86+x86_64 1.7.2 64.00 283.00 347.00 OK
r-release-osx-x86_64 1.7.2 ERROR
r-oldrel-windows-ix86+x86_64 1.7.2 44.00 282.00 326.00 OK
r-oldrel-osx-x86_64 1.7.2 OK

Check Details

Version: 1.7.2
Check: package dependencies
Result: ERROR
    Packages required but not available:
     ‘VariantAnnotation’ ‘Rsamtools’ ‘rtracklayer’
    
    See section ‘The DESCRIPTION file’ in the ‘Writing R Extensions’
    manual.
Flavor: r-release-osx-x86_64