CRAN Package Check Results for Package R2STATS

Last updated on 2019-01-15 00:46:41 CET.

Flavor Version Tinstall Tcheck Ttotal Status Flags
r-devel-linux-x86_64-debian-clang 0.68-39 14.49 140.43 154.92 OK
r-devel-linux-x86_64-debian-gcc 0.68-39 10.44 108.21 118.65 OK
r-devel-linux-x86_64-fedora-clang 0.68-39 186.81 OK
r-devel-linux-x86_64-fedora-gcc 0.68-39 173.76 OK
r-devel-windows-ix86+x86_64 0.68-39 19.00 148.00 167.00 OK
r-patched-linux-x86_64 0.68-39 13.66 133.91 147.57 OK
r-patched-solaris-x86 0.68-39 278.60 OK
r-release-linux-x86_64 0.68-39 13.33 133.96 147.29 OK
r-release-windows-ix86+x86_64 0.68-39 33.00 145.00 178.00 OK
r-release-osx-x86_64 0.68-39 ERROR
r-oldrel-windows-ix86+x86_64 0.68-39 21.00 170.00 191.00 OK
r-oldrel-osx-x86_64 0.68-39 ERROR

Check Details

Version: 0.68-39
Check: package dependencies
Result: ERROR
    Packages required but not available:
     ‘cairoDevice’ ‘gWidgetsRGtk2’ ‘RGtk2Extras’
    
    See section ‘The DESCRIPTION file’ in the ‘Writing R Extensions’
    manual.
Flavors: r-release-osx-x86_64, r-oldrel-osx-x86_64