Last updated on 2019-01-15 00:46:43 CET.
Flavor | Version | Tinstall | Tcheck | Ttotal | Status | Flags |
---|---|---|---|---|---|---|
r-devel-linux-x86_64-debian-clang | 1.0.5 | 1.80 | 16.83 | 18.63 | OK | |
r-devel-linux-x86_64-debian-gcc | 1.0.5 | 1.09 | 13.53 | 14.62 | OK | |
r-devel-linux-x86_64-fedora-clang | 1.0.5 | 21.19 | NOTE | |||
r-devel-linux-x86_64-fedora-gcc | 1.0.5 | 19.96 | OK | |||
r-devel-windows-ix86+x86_64 | 1.0.5 | 9.00 | 25.00 | 34.00 | NOTE | |
r-patched-linux-x86_64 | 1.0.5 | 1.40 | 15.40 | 16.80 | OK | |
r-release-linux-x86_64 | 1.0.5 | 1.16 | 15.49 | 16.65 | OK | |
r-release-windows-ix86+x86_64 | 1.0.5 | 9.00 | 26.00 | 35.00 | NOTE | |
r-release-osx-x86_64 | 1.0.5 | NOTE | ||||
r-oldrel-windows-ix86+x86_64 | 1.0.5 | 10.00 | 24.00 | 34.00 | NOTE | |
r-oldrel-osx-x86_64 | 1.0.5 | NOTE |
Version: 1.0.5
Check: installed package size
Result: NOTE
installed size is 10.3Mb
sub-directories of 1Mb or more:
datasets 10.2Mb
Flavors: r-devel-linux-x86_64-fedora-clang, r-devel-windows-ix86+x86_64, r-release-windows-ix86+x86_64, r-release-osx-x86_64, r-oldrel-windows-ix86+x86_64, r-oldrel-osx-x86_64