Last updated on 2019-01-15 00:46:43 CET.
Flavor | Version | Tinstall | Tcheck | Ttotal | Status | Flags |
---|---|---|---|---|---|---|
r-devel-linux-x86_64-debian-clang | 0.10.16 | 4.84 | 30.06 | 34.90 | OK | |
r-devel-linux-x86_64-debian-gcc | 0.10.16 | 4.03 | 23.62 | 27.65 | OK | |
r-devel-linux-x86_64-fedora-clang | 0.10.16 | 42.69 | OK | |||
r-devel-linux-x86_64-fedora-gcc | 0.10.16 | 40.22 | OK | |||
r-devel-windows-ix86+x86_64 | 0.10.16 | 29.00 | 138.00 | 167.00 | NOTE | |
r-patched-linux-x86_64 | 0.10.16 | 5.04 | 27.51 | 32.55 | OK | |
r-patched-solaris-x86 | 0.10.16 | 59.80 | OK | |||
r-release-linux-x86_64 | 0.10.16 | 5.38 | 27.69 | 33.07 | OK | |
r-release-windows-ix86+x86_64 | 0.10.16 | 41.00 | 148.00 | 189.00 | NOTE | |
r-release-osx-x86_64 | 0.10.16 | OK | ||||
r-oldrel-windows-ix86+x86_64 | 0.10.16 | 27.00 | 143.00 | 170.00 | NOTE | |
r-oldrel-osx-x86_64 | 0.10.15 | OK |
Version: 0.10.16
Check: installed package size
Result: NOTE
installed size is 6.6Mb
sub-directories of 1Mb or more:
libs 6.2Mb
Flavors: r-devel-windows-ix86+x86_64, r-release-windows-ix86+x86_64, r-oldrel-windows-ix86+x86_64