CRAN Package Check Results for Package RNiftyReg

Last updated on 2019-01-15 00:46:43 CET.

Flavor Version Tinstall Tcheck Ttotal Status Flags
r-devel-linux-x86_64-debian-clang 2.6.4 420.58 53.66 474.24 OK
r-devel-linux-x86_64-debian-gcc 2.6.4 427.33 40.75 468.08 OK
r-devel-linux-x86_64-fedora-clang 2.6.4 758.26 NOTE
r-devel-linux-x86_64-fedora-gcc 2.6.4 764.94 OK
r-devel-windows-ix86+x86_64 2.6.4 781.00 96.00 877.00 NOTE
r-patched-linux-x86_64 2.6.4 525.36 51.83 577.19 OK
r-patched-solaris-x86 2.6.4 532.60 OK
r-release-linux-x86_64 2.6.4 532.06 54.41 586.47 OK
r-release-windows-ix86+x86_64 2.6.4 1036.00 85.00 1121.00 NOTE
r-release-osx-x86_64 2.6.4 NOTE
r-oldrel-windows-ix86+x86_64 2.6.4 821.00 97.00 918.00 NOTE
r-oldrel-osx-x86_64 2.6.4 NOTE

Additional issues

clang-UBSAN valgrind

Check Details

Version: 2.6.4
Check: installed package size
Result: NOTE
     installed size is 100.6Mb
     sub-directories of 1Mb or more:
     extdata 2.0Mb
     libs 98.4Mb
Flavors: r-devel-linux-x86_64-fedora-clang, r-devel-windows-ix86+x86_64, r-release-windows-ix86+x86_64, r-release-osx-x86_64, r-oldrel-windows-ix86+x86_64, r-oldrel-osx-x86_64