CRAN Package Check Results for Package ROI.plugin.clp

Last updated on 2019-01-15 00:46:43 CET.

Flavor Version Tinstall Tcheck Ttotal Status Flags
r-devel-linux-x86_64-debian-clang 0.4 4.11 42.70 46.81 OK
r-devel-linux-x86_64-debian-gcc 0.4 4.30 36.58 40.88 OK
r-devel-linux-x86_64-fedora-clang 0.4 55.83 OK
r-devel-linux-x86_64-fedora-gcc 0.4 53.84 OK
r-devel-windows-ix86+x86_64 0.4 7.00 48.00 55.00 OK
r-patched-linux-x86_64 0.4 4.27 40.44 44.71 OK
r-patched-solaris-x86 0.4 85.00 OK
r-release-linux-x86_64 0.4 3.75 40.85 44.60 OK
r-release-windows-ix86+x86_64 0.4 11.00 49.00 60.00 OK
r-release-osx-x86_64 0.4 ERROR
r-oldrel-windows-ix86+x86_64 0.4 8.00 54.00 62.00 OK
r-oldrel-osx-x86_64 0.4 ERROR

Check Details

Version: 0.4
Check: package dependencies
Result: ERROR
    Package required but not available: ‘clpAPI’
    
    See section ‘The DESCRIPTION file’ in the ‘Writing R Extensions’
    manual.
Flavors: r-release-osx-x86_64, r-oldrel-osx-x86_64