CRAN Package Check Results for Package ROI.plugin.deoptim

Last updated on 2019-01-15 00:46:43 CET.

Flavor Version Tinstall Tcheck Ttotal Status Flags
r-devel-linux-x86_64-debian-clang 0.3-0 1.09 29.14 30.23 OK
r-devel-linux-x86_64-debian-gcc 0.3-0 0.91 22.87 23.78 OK
r-devel-linux-x86_64-fedora-clang 0.3-0 35.35 OK
r-devel-linux-x86_64-fedora-gcc 0.3-0 33.65 OK
r-devel-windows-ix86+x86_64 0.3-0 3.00 37.00 40.00 OK
r-patched-linux-x86_64 0.3-0 1.10 26.73 27.83 OK
r-patched-solaris-x86 0.3-0 51.90 OK
r-release-linux-x86_64 0.3-0 1.27 27.03 28.30 OK
r-release-windows-ix86+x86_64 0.3-0 7.00 38.00 45.00 OK
r-release-osx-x86_64 0.3-0 ERROR
r-oldrel-windows-ix86+x86_64 0.3-0 4.00 43.00 47.00 OK
r-oldrel-osx-x86_64 0.3-0 OK

Check Details

Version: 0.3-0
Check: tests
Result: ERROR
     Running ‘test_deoptim.R’ [20s/31s]
    Running the tests in ‘tests/test_deoptim.R’ failed.
    Last 13 lines of output:
     +
     + rt( test_nlp_01() )
     + rt( test_nlp_02() )
     + rt( test_nlp_03() )
     +
     + if ( ROI_TEST_ERRORS > 0 ) {
     + stop("ROI_Test_Error ", ROI_TEST_ERRORS, " occurred during testing.")
     + }
     + }
     Error in test_nlp_03() : equal(solution(nlp), c(20, 11, 15)) is not TRUE
     In addition: Warning message:
     In (function (lower, upper, fn, constr = NULL, meq = 0, eps = 1e-05, :
     maximum number of iterations reached without convergence
     Error: ROI_Test_Error 1 occurred during testing.
     Execution halted
Flavor: r-release-osx-x86_64